{"id":3855,"date":"2025-11-07T16:19:44","date_gmt":"2025-11-07T15:19:44","guid":{"rendered":"https:\/\/fondazione-fair.it\/evento\/the-fever-of-generative-ai-can-we-control-the-generative-process\/"},"modified":"2025-11-07T16:29:58","modified_gmt":"2025-11-07T15:29:58","slug":"the-fever-of-generative-ai-can-we-control-the-generative-process","status":"publish","type":"ajde_events","link":"https:\/\/fondazione-fair.it\/en\/evento\/the-fever-of-generative-ai-can-we-control-the-generative-process\/","title":{"rendered":"The Fever of Generative AI: can we control the generative process?"},"content":{"rendered":"<p data-start=\"200\" data-end=\"420\">La Generative AI \u00e8 una delle rivoluzioni tecnologiche pi\u00f9 significative del nostro tempo. Ma in un contesto in cui gli strumenti sono sempre pi\u00f9 accessibili, come possono le aziende creare un reale vantaggio competitivo?<\/p>\n<p data-start=\"422\" data-end=\"737\">Durante la tavola rotonda organizzata da <strong>AIRIC<\/strong> il <strong>25 novembre 2025<\/strong>, all&#8217;<strong>Acquario Civico di Milano<\/strong>, esploreremo il valore strategico della personalizzazione e del controllo nei processi generativi, attraverso use case concreti e testimonianze di aziende che gi\u00e0 integrano l\u2019AI generativa nei propri flussi di lavoro.<\/p>\n<p data-start=\"739\" data-end=\"896\">L\u2019incontro sar\u00e0 anche l\u2019occasione per riflettere sul futuro di queste tecnologie, sul ruolo della ricerca e sulle nuove sinergie tra industria e innovazione.<\/p>\n<p data-start=\"898\" data-end=\"953\"><a href=\"https:\/\/fondazione-fair.it\/wp-content\/uploads\/2025\/11\/A3_compressed.pdf\" target=\"_blank\" rel=\"noopener\"><strong data-start=\"898\" data-end=\"953\">Partecipazione gratuita, registrazione obbligatoria.<\/strong><\/a><\/p>\n","protected":false},"author":2,"featured_media":3856,"menu_order":0,"comment_status":"open","ping_status":"closed","template":"","meta":[],"tags":[68,148,45,73,85,116,42,89],"event_type":[],"event_type_2":[],"class_list":["post-3855","ajde_events","type-ajde_events","status-publish","has-post-thumbnail","hentry","tag-ai","tag-airic","tag-artificial-intelligence","tag-fair","tag-ia","tag-innovazione","tag-intelligenza-artificiale-2","tag-ricerca"],"_links":{"self":[{"href":"https:\/\/fondazione-fair.it\/en\/wp-json\/wp\/v2\/ajde_events\/3855","targetHints":{"allow":["GET"]}}],"collection":[{"href":"https:\/\/fondazione-fair.it\/en\/wp-json\/wp\/v2\/ajde_events"}],"about":[{"href":"https:\/\/fondazione-fair.it\/en\/wp-json\/wp\/v2\/types\/ajde_events"}],"author":[{"embeddable":true,"href":"https:\/\/fondazione-fair.it\/en\/wp-json\/wp\/v2\/users\/2"}],"replies":[{"embeddable":true,"href":"https:\/\/fondazione-fair.it\/en\/wp-json\/wp\/v2\/comments?post=3855"}],"wp:featuredmedia":[{"embeddable":true,"href":"https:\/\/fondazione-fair.it\/en\/wp-json\/wp\/v2\/media\/3856"}],"wp:attachment":[{"href":"https:\/\/fondazione-fair.it\/en\/wp-json\/wp\/v2\/media?parent=3855"}],"wp:term":[{"taxonomy":"post_tag","embeddable":true,"href":"https:\/\/fondazione-fair.it\/en\/wp-json\/wp\/v2\/tags?post=3855"},{"taxonomy":"event_type","embeddable":true,"href":"https:\/\/fondazione-fair.it\/en\/wp-json\/wp\/v2\/event_type?post=3855"},{"taxonomy":"event_type_2","embeddable":true,"href":"https:\/\/fondazione-fair.it\/en\/wp-json\/wp\/v2\/event_type_2?post=3855"}],"curies":[{"name":"wp","href":"https:\/\/api.w.org\/{rel}","templated":true}]}}

<p data-start="200" data-end="420">La Generative AI è una delle rivoluzioni tecnologiche più significative del nostro tempo. Ma in un contesto in cui gli strumenti sono sempre più accessibili, come possono le aziende creare un reale vantaggio competitivo?</p>
<p data-start="422" data-end="737">Durante la tavola rotonda organizzata da <strong>AIRIC</strong> il <strong>25 novembre 2025</strong>, all&#8217;<strong>Acquario Civico di Milano</strong>, esploreremo il valore strategico della personalizzazione e del controllo nei processi generativi, attraverso use case concreti e testimonianze di aziende che già integrano l’AI generativa nei propri flussi di lavoro.</p>
<p data-start="739" data-end="896">L’incontro sarà anche l’occasione per riflettere sul futuro di queste tecnologie, sul ruolo della ricerca e sulle nuove sinergie tra industria e innovazione.</p>
<p data-start="898" data-end="953"><a href="https://fondazione-fair.it/wp-content/uploads/2025/11/A3_compressed.pdf" target="_blank" rel="noopener"><strong data-start="898" data-end="953">Partecipazione gratuita, registrazione obbligatoria.</strong></a></p>
