{"id":3815,"date":"2025-10-29T10:24:33","date_gmt":"2025-10-29T09:24:33","guid":{"rendered":"https:\/\/fondazione-fair.it\/evento\/la-mostra-prompting-the-real\/"},"modified":"2025-10-29T12:37:43","modified_gmt":"2025-10-29T11:37:43","slug":"la-mostra-prompting-the-real","status":"publish","type":"ajde_events","link":"https:\/\/fondazione-fair.it\/en\/evento\/la-mostra-prompting-the-real\/","title":{"rendered":"Prompting the Real \u2013 Artists\u2013AI co-creation"},"content":{"rendered":"<p data-start=\"199\" data-end=\"603\">Il 15 e 16 novembre il Museo di Palazzo Poggi di Bologna ospita <strong data-start=\"263\" data-end=\"312\">\u201cPrompting the Real \u2013 Artists\u2013AI co-creation\u201d<\/strong>, una mostra e due giornate di eventi dedicate al dialogo tra arte e intelligenza artificiale. L\u2019esposizione riunisce artiste e artisti internazionali che sperimentano forme di co-creazione con le macchine, trasformando concetti astratti in esperienze sensoriali e nuove visioni del reale.<\/p>\n<p data-start=\"605\" data-end=\"909\">Sculture, performance, poesia, musica, danza, video e fotografia diventano linguaggi attraverso cui interrogare il nostro presente e immaginare futuri possibili, mostrando l\u2019intelligenza artificiale non solo come tecnologia, ma come strumento per riflettere su potere, limiti e potenzialit\u00e0 dell\u2019umano.<\/p>\n<p data-start=\"911\" data-end=\"1173\">Durante le due giornate, incontri, talk e performance offriranno al pubblico l\u2019occasione di dialogare direttamente con artiste, artisti e ricercatori, scoprendo come l\u2019IA stia gi\u00e0 trasformando i linguaggi della creativit\u00e0 e il nostro modo di leggere la realt\u00e0.<\/p>\n<p data-start=\"1175\" data-end=\"1370\">La mostra \u00e8 visitabile sabato 15 e domenica 16 novembre, dalle 10 alle 18, presso il <strong data-start=\"1260\" data-end=\"1311\">Museo di Palazzo Poggi, Via Zamboni 33, Bologna<\/strong>. L\u2019ingresso \u00e8 gratuito, con prenotazione obbligatoria.<\/p>\n<p data-start=\"1372\" data-end=\"1508\">L\u2019iniziativa \u00e8 patrocinata dalla <strong data-start=\"1405\" data-end=\"1424\">Fondazione FAIR<\/strong> nell\u2019ambito del Partenariato esteso PNRR <em data-start=\"1466\" data-end=\"1507\">Future Artificial Intelligence Research<\/em>.<\/p>\n<p><a href=\"https:\/\/fondazione-fair.it\/news\/larte-svela-potenzialita-e-limiti-dellia-in-scena-allalma-mater-la-mostra-prompting-the-real\/\" target=\"_blank\" rel=\"noopener\">Per maggiori informazioni sull&#8217;evento clicca qui.<\/a><\/p>\n","protected":false},"author":2,"featured_media":3816,"menu_order":0,"comment_status":"open","ping_status":"closed","template":"","meta":[],"tags":[68,45,73,85,116,42,89,74],"event_type":[],"event_type_2":[],"class_list":["post-3815","ajde_events","type-ajde_events","status-publish","has-post-thumbnail","hentry","tag-ai","tag-artificial-intelligence","tag-fair","tag-ia","tag-innovazione","tag-intelligenza-artificiale-2","tag-ricerca","tag-ricercatori-fair"],"_links":{"self":[{"href":"https:\/\/fondazione-fair.it\/en\/wp-json\/wp\/v2\/ajde_events\/3815","targetHints":{"allow":["GET"]}}],"collection":[{"href":"https:\/\/fondazione-fair.it\/en\/wp-json\/wp\/v2\/ajde_events"}],"about":[{"href":"https:\/\/fondazione-fair.it\/en\/wp-json\/wp\/v2\/types\/ajde_events"}],"author":[{"embeddable":true,"href":"https:\/\/fondazione-fair.it\/en\/wp-json\/wp\/v2\/users\/2"}],"replies":[{"embeddable":true,"href":"https:\/\/fondazione-fair.it\/en\/wp-json\/wp\/v2\/comments?post=3815"}],"wp:featuredmedia":[{"embeddable":true,"href":"https:\/\/fondazione-fair.it\/en\/wp-json\/wp\/v2\/media\/3816"}],"wp:attachment":[{"href":"https:\/\/fondazione-fair.it\/en\/wp-json\/wp\/v2\/media?parent=3815"}],"wp:term":[{"taxonomy":"post_tag","embeddable":true,"href":"https:\/\/fondazione-fair.it\/en\/wp-json\/wp\/v2\/tags?post=3815"},{"taxonomy":"event_type","embeddable":true,"href":"https:\/\/fondazione-fair.it\/en\/wp-json\/wp\/v2\/event_type?post=3815"},{"taxonomy":"event_type_2","embeddable":true,"href":"https:\/\/fondazione-fair.it\/en\/wp-json\/wp\/v2\/event_type_2?post=3815"}],"curies":[{"name":"wp","href":"https:\/\/api.w.org\/{rel}","templated":true}]}}

<p data-start="199" data-end="603">Il 15 e 16 novembre il Museo di Palazzo Poggi di Bologna ospita <strong data-start="263" data-end="312">“Prompting the Real – Artists–AI co-creation”</strong>, una mostra e due giornate di eventi dedicate al dialogo tra arte e intelligenza artificiale. L’esposizione riunisce artiste e artisti internazionali che sperimentano forme di co-creazione con le macchine, trasformando concetti astratti in esperienze sensoriali e nuove visioni del reale.</p>
<p data-start="605" data-end="909">Sculture, performance, poesia, musica, danza, video e fotografia diventano linguaggi attraverso cui interrogare il nostro presente e immaginare futuri possibili, mostrando l’intelligenza artificiale non solo come tecnologia, ma come strumento per riflettere su potere, limiti e potenzialità dell’umano.</p>
<p data-start="911" data-end="1173">Durante le due giornate, incontri, talk e performance offriranno al pubblico l’occasione di dialogare direttamente con artiste, artisti e ricercatori, scoprendo come l’IA stia già trasformando i linguaggi della creatività e il nostro modo di leggere la realtà.</p>
<p data-start="1175" data-end="1370">La mostra è visitabile sabato 15 e domenica 16 novembre, dalle 10 alle 18, presso il <strong data-start="1260" data-end="1311">Museo di Palazzo Poggi, Via Zamboni 33, Bologna</strong>. L’ingresso è gratuito, con prenotazione obbligatoria.</p>
<p data-start="1372" data-end="1508">L’iniziativa è patrocinata dalla <strong data-start="1405" data-end="1424">Fondazione FAIR</strong> nell’ambito del Partenariato esteso PNRR <em data-start="1466" data-end="1507">Future Artificial Intelligence Research</em>.</p>
<p><a href="https://fondazione-fair.it/news/larte-svela-potenzialita-e-limiti-dellia-in-scena-allalma-mater-la-mostra-prompting-the-real/" target="_blank" rel="noopener">Per maggiori informazioni sull&#8217;evento clicca qui.</a></p>
