{"id":3340,"date":"2025-04-30T03:11:04","date_gmt":"2025-04-30T01:11:04","guid":{"rendered":"https:\/\/fondazione-fair.it\/evento\/perspectives-in-nonlinear-dynamics-2025-pnld-2025\/"},"modified":"2025-04-30T03:27:10","modified_gmt":"2025-04-30T01:27:10","slug":"perspectives-in-nonlinear-dynamics-2025-pnld-2025","status":"publish","type":"ajde_events","link":"https:\/\/fondazione-fair.it\/en\/evento\/perspectives-in-nonlinear-dynamics-2025-pnld-2025\/","title":{"rendered":"Perspectives in Nonlinear Dynamics 2025 (PNLD 2025)"},"content":{"rendered":"<p class=\"\" data-start=\"106\" data-end=\"577\"><em>Perspectives in Nonlinear Dynamics 2025<\/em>\u00a0 \u00e8 una serie di conferenze\u00a0che si terranno dal <strong>21 al 25 luglio<\/strong> a <strong>Lucca <\/strong>e verranno coordinate da<em>Tiziano Squartini <\/em>dello Spoke 1.<\/p>\n<p>Dagli anni \u201970, la scienza non lineare ha conosciuto una notevole crescita, integrando la dinamica non lineare e la fisica statistica con lo studio dei sistemi complessi, l\u2019apprendimento automatico e la teoria dell\u2019informazione, al fine di analizzare e prevedere fenomeni complessi. L\u2019Italia ha avuto un ruolo chiave in questo sviluppo, in particolare grazie alla Scuola dell\u2019ICTP del 1986, che ha promosso la collaborazione con ricercatori provenienti dal Sud del mondo.<\/p>\n<p class=\"\" data-start=\"579\" data-end=\"1110\">La serie di conferenze <em data-start=\"602\" data-end=\"638\">Perspectives in Nonlinear Dynamics<\/em> (PNLD), avviata nel 2004 in India, \u00e8 diventata una piattaforma di rilievo per la comunit\u00e0 scientifica internazionale. Si tiene ogni tre anni in concomitanza con la conferenza <em data-start=\"814\" data-end=\"824\">StatPhys<\/em>. In occasione di <em data-start=\"842\" data-end=\"855\">StatPhys-29<\/em>, che si terr\u00e0 a Firenze nel 2025, la storica citt\u00e0 di Lucca ospiter\u00e0 il <em data-start=\"928\" data-end=\"939\">PNLD 2025<\/em>, offrendo un ambiente stimolante per il confronto scientifico su temi d\u2019avanguardia come sistemi non lineari, reti complesse, apprendimento automatico e caos quantistico.<\/p>\n<p class=\"\" data-start=\"1112\" data-end=\"1429\">In linea con l\u2019introduzione del nuovo <em data-start=\"1150\" data-end=\"1159\">TOPIC 9<\/em> \u2014 \u201cFisica statistica dell\u2019apprendimento automatico e dell\u2019informazione: machine learning, reti neurali, elaborazione dell\u2019informazione, ecc.\u201d \u2014 all\u2019interno del programma di <em data-start=\"1333\" data-end=\"1346\">StatPhys-29<\/em>, il <em data-start=\"1351\" data-end=\"1362\">PNLD 2025<\/em> accoglie con particolare interesse contributi su questi argomenti.<\/p>\n<p><a href=\"https:\/\/pnld2025.imtlucca.it\/\" target=\"_blank\" rel=\"noopener\"><strong>Per approfondire l&#8217;evento vai al sito.<\/strong><\/a><\/p>\n","protected":false},"author":2,"featured_media":1668,"menu_order":0,"comment_status":"open","ping_status":"closed","template":"","meta":[],"tags":[68,45,73,85,42,136,89,108,62],"event_type":[14],"event_type_2":[],"class_list":["post-3340","ajde_events","type-ajde_events","status-publish","has-post-thumbnail","hentry","tag-ai","tag-artificial-intelligence","tag-fair","tag-ia","tag-intelligenza-artificiale-2","tag-pnld","tag-ricerca","tag-spoke-1","tag-workshop","event_type-spoke-1"],"_links":{"self":[{"href":"https:\/\/fondazione-fair.it\/en\/wp-json\/wp\/v2\/ajde_events\/3340","targetHints":{"allow":["GET"]}}],"collection":[{"href":"https:\/\/fondazione-fair.it\/en\/wp-json\/wp\/v2\/ajde_events"}],"about":[{"href":"https:\/\/fondazione-fair.it\/en\/wp-json\/wp\/v2\/types\/ajde_events"}],"author":[{"embeddable":true,"href":"https:\/\/fondazione-fair.it\/en\/wp-json\/wp\/v2\/users\/2"}],"replies":[{"embeddable":true,"href":"https:\/\/fondazione-fair.it\/en\/wp-json\/wp\/v2\/comments?post=3340"}],"wp:featuredmedia":[{"embeddable":true,"href":"https:\/\/fondazione-fair.it\/en\/wp-json\/wp\/v2\/media\/1668"}],"wp:attachment":[{"href":"https:\/\/fondazione-fair.it\/en\/wp-json\/wp\/v2\/media?parent=3340"}],"wp:term":[{"taxonomy":"post_tag","embeddable":true,"href":"https:\/\/fondazione-fair.it\/en\/wp-json\/wp\/v2\/tags?post=3340"},{"taxonomy":"event_type","embeddable":true,"href":"https:\/\/fondazione-fair.it\/en\/wp-json\/wp\/v2\/event_type?post=3340"},{"taxonomy":"event_type_2","embeddable":true,"href":"https:\/\/fondazione-fair.it\/en\/wp-json\/wp\/v2\/event_type_2?post=3340"}],"curies":[{"name":"wp","href":"https:\/\/api.w.org\/{rel}","templated":true}]}}

<p class="" data-start="106" data-end="577"><em>Perspectives in Nonlinear Dynamics 2025</em>  è una serie di conferenze che si terranno dal <strong>21 al 25 luglio</strong> a <strong>Lucca </strong>e verranno coordinate da<em>Tiziano Squartini </em>dello Spoke 1.</p>
<p>Dagli anni ’70, la scienza non lineare ha conosciuto una notevole crescita, integrando la dinamica non lineare e la fisica statistica con lo studio dei sistemi complessi, l’apprendimento automatico e la teoria dell’informazione, al fine di analizzare e prevedere fenomeni complessi. L’Italia ha avuto un ruolo chiave in questo sviluppo, in particolare grazie alla Scuola dell’ICTP del 1986, che ha promosso la collaborazione con ricercatori provenienti dal Sud del mondo.</p>
<p class="" data-start="579" data-end="1110">La serie di conferenze <em data-start="602" data-end="638">Perspectives in Nonlinear Dynamics</em> (PNLD), avviata nel 2004 in India, è diventata una piattaforma di rilievo per la comunità scientifica internazionale. Si tiene ogni tre anni in concomitanza con la conferenza <em data-start="814" data-end="824">StatPhys</em>. In occasione di <em data-start="842" data-end="855">StatPhys-29</em>, che si terrà a Firenze nel 2025, la storica città di Lucca ospiterà il <em data-start="928" data-end="939">PNLD 2025</em>, offrendo un ambiente stimolante per il confronto scientifico su temi d’avanguardia come sistemi non lineari, reti complesse, apprendimento automatico e caos quantistico.</p>
<p class="" data-start="1112" data-end="1429">In linea con l’introduzione del nuovo <em data-start="1150" data-end="1159">TOPIC 9</em> — “Fisica statistica dell’apprendimento automatico e dell’informazione: machine learning, reti neurali, elaborazione dell’informazione, ecc.” — all’interno del programma di <em data-start="1333" data-end="1346">StatPhys-29</em>, il <em data-start="1351" data-end="1362">PNLD 2025</em> accoglie con particolare interesse contributi su questi argomenti.</p>
<p><a href="https://pnld2025.imtlucca.it/" target="_blank" rel="noopener"><strong>Per approfondire l&#8217;evento vai al sito.</strong></a></p>
