{"id":3328,"date":"2025-04-30T01:26:10","date_gmt":"2025-04-29T23:26:10","guid":{"rendered":"https:\/\/fondazione-fair.it\/evento\/lavorerai-sessione-plenaria-borsa-del-placement-2025\/"},"modified":"2025-04-30T01:49:29","modified_gmt":"2025-04-29T23:49:29","slug":"lavorerai-sessione-plenaria-borsa-del-placement-2025","status":"publish","type":"ajde_events","link":"https:\/\/fondazione-fair.it\/en\/evento\/lavorerai-sessione-plenaria-borsa-del-placement-2025\/","title":{"rendered":"LavorerAI &#8211; sessione plenaria Borsa del Placement 2025"},"content":{"rendered":"<p class=\"\" data-start=\"135\" data-end=\"438\">Il <strong>27 e 28 maggio<\/strong>, a <strong>Verona<\/strong>, si terr\u00e0 il Forum della <strong>Borsa del Placement<\/strong>, l\u2019evento nazionale coordinato dal HUB e promosso da <a href=\"https:\/\/www.fondazioneemblema.it\/\" target=\"_blank\" rel=\"noopener\">Fondazione Emblema<\/a> che, da 19 anni, rappresenta l\u2019appuntamento di riferimento per chi, negli atenei e nelle aziende, si occupa di recruiting e orientamento al lavoro per profili iperspecializzati.<\/p>\n<p class=\"\" data-start=\"440\" data-end=\"672\">Fondazione FAIR co-organizza la Sessione Plenaria <em data-start=\"490\" data-end=\"503\"><strong>\u201cLavorerAI\u201d<\/strong><\/em>, momento di apertura e approfondimento del Forum, in programma il 27 maggio alle ore 15 presso il <strong>Palazzo della Gran Guardia<\/strong>.\u00a0<\/p>\n<p class=\"\" data-start=\"674\" data-end=\"982\">Durante la sessione, Fondazione Emblema presenter\u00e0 i risultati di una survey condotta con il supporto degli atenei italiani, rivolta a studenti e neolaureati dei corsi di laurea triennali e magistrali, con l\u2019obiettivo di esplorare la <strong>percezione che i giovani universitari hanno dell\u2019intelligenza artificiale<\/strong>.<\/p>\n<p class=\"\" data-start=\"984\" data-end=\"1241\">I relatori coinvolti da Fondazione FAIR nella tavola rotonda offriranno una chiave di lettura dei dati raccolti, per comprendere come l\u2019AI potr\u00e0 effettivamente entrare nel mondo del lavoro, quali cambiamenti potr\u00e0 generare e quali opportunit\u00e0 potr\u00e0 offrire.<\/p>\n<p class=\"\" data-start=\"1268\" data-end=\"1351\"><strong>Per maggiori informazioni, <a href=\"https:\/\/www.borsadelplacement.it\/calendario\/27-05-2025\/borsa-del-placement-xix-forum\/\" target=\"_blank\" rel=\"noopener\">visita il sito dell&#8217;evento<\/a>.<\/strong><\/p>\n","protected":false},"author":2,"featured_media":1668,"menu_order":0,"comment_status":"open","ping_status":"closed","template":"","meta":[],"tags":[68,45,121,57,73,124,122,123,85,42,89],"event_type":[],"event_type_2":[],"class_list":["post-3328","ajde_events","type-ajde_events","status-publish","has-post-thumbnail","hentry","tag-ai","tag-artificial-intelligence","tag-borsa-del-placement","tag-evento","tag-fair","tag-fondazione-emblema","tag-forum","tag-forum-della-borsa-del-placement","tag-ia","tag-intelligenza-artificiale-2","tag-ricerca"],"_links":{"self":[{"href":"https:\/\/fondazione-fair.it\/en\/wp-json\/wp\/v2\/ajde_events\/3328","targetHints":{"allow":["GET"]}}],"collection":[{"href":"https:\/\/fondazione-fair.it\/en\/wp-json\/wp\/v2\/ajde_events"}],"about":[{"href":"https:\/\/fondazione-fair.it\/en\/wp-json\/wp\/v2\/types\/ajde_events"}],"author":[{"embeddable":true,"href":"https:\/\/fondazione-fair.it\/en\/wp-json\/wp\/v2\/users\/2"}],"replies":[{"embeddable":true,"href":"https:\/\/fondazione-fair.it\/en\/wp-json\/wp\/v2\/comments?post=3328"}],"wp:featuredmedia":[{"embeddable":true,"href":"https:\/\/fondazione-fair.it\/en\/wp-json\/wp\/v2\/media\/1668"}],"wp:attachment":[{"href":"https:\/\/fondazione-fair.it\/en\/wp-json\/wp\/v2\/media?parent=3328"}],"wp:term":[{"taxonomy":"post_tag","embeddable":true,"href":"https:\/\/fondazione-fair.it\/en\/wp-json\/wp\/v2\/tags?post=3328"},{"taxonomy":"event_type","embeddable":true,"href":"https:\/\/fondazione-fair.it\/en\/wp-json\/wp\/v2\/event_type?post=3328"},{"taxonomy":"event_type_2","embeddable":true,"href":"https:\/\/fondazione-fair.it\/en\/wp-json\/wp\/v2\/event_type_2?post=3328"}],"curies":[{"name":"wp","href":"https:\/\/api.w.org\/{rel}","templated":true}]}}

<p class="" data-start="135" data-end="438">Il <strong>27 e 28 maggio</strong>, a <strong>Verona</strong>, si terrà il Forum della <strong>Borsa del Placement</strong>, l’evento nazionale coordinato dal HUB e promosso da <a href="https://www.fondazioneemblema.it/" target="_blank" rel="noopener">Fondazione Emblema</a> che, da 19 anni, rappresenta l’appuntamento di riferimento per chi, negli atenei e nelle aziende, si occupa di recruiting e orientamento al lavoro per profili iperspecializzati.</p>
<p class="" data-start="440" data-end="672">Fondazione FAIR co-organizza la Sessione Plenaria <em data-start="490" data-end="503"><strong>“LavorerAI”</strong></em>, momento di apertura e approfondimento del Forum, in programma il 27 maggio alle ore 15 presso il <strong>Palazzo della Gran Guardia</strong>. </p>
<p class="" data-start="674" data-end="982">Durante la sessione, Fondazione Emblema presenterà i risultati di una survey condotta con il supporto degli atenei italiani, rivolta a studenti e neolaureati dei corsi di laurea triennali e magistrali, con l’obiettivo di esplorare la <strong>percezione che i giovani universitari hanno dell’intelligenza artificiale</strong>.</p>
<p class="" data-start="984" data-end="1241">I relatori coinvolti da Fondazione FAIR nella tavola rotonda offriranno una chiave di lettura dei dati raccolti, per comprendere come l’AI potrà effettivamente entrare nel mondo del lavoro, quali cambiamenti potrà generare e quali opportunità potrà offrire.</p>
<p class="" data-start="1268" data-end="1351"><strong>Per maggiori informazioni, <a href="https://www.borsadelplacement.it/calendario/27-05-2025/borsa-del-placement-xix-forum/" target="_blank" rel="noopener">visita il sito dell&#8217;evento</a>.</strong></p>
