{"id":2856,"date":"2024-11-20T14:13:31","date_gmt":"2024-11-20T13:13:31","guid":{"rendered":"https:\/\/fondazione-fair.it\/evento\/welcome-to-the-machine-fiducia-rischio-vulnerabilita-nellinterazione-umana-con-le-macchine\/"},"modified":"2024-11-20T14:37:51","modified_gmt":"2024-11-20T13:37:51","slug":"welcome-to-the-machine-fiducia-rischio-vulnerabilita-nellinterazione-umana-con-le-macchine","status":"publish","type":"ajde_events","link":"https:\/\/fondazione-fair.it\/en\/evento\/welcome-to-the-machine-fiducia-rischio-vulnerabilita-nellinterazione-umana-con-le-macchine\/","title":{"rendered":"Welcome to the Machine. Fiducia, rischio, vulnerabilit\u00e0 nell&#8217;interazione umana con le macchine"},"content":{"rendered":"<p>Il <strong>20 e 21 novembre<\/strong> 2024, l&#8217;Aula Magna Storica del Palazzo &#8220;La Sapienza&#8221; di <strong>Pisa<\/strong> ospiter\u00e0 il <strong>convegno<\/strong> <strong>&#8220;Welcome to the Machine. Fiducia, rischio, vulnerabilit\u00e0 nell&#8217;interazione umana con le macchine&#8221;<\/strong>, un appuntamento di rilievo scientifico e culturale dedicato alle implicazioni etiche e giuridiche dell\u2019interazione uomo-macchina.<\/p>\n<p>Promosso dal Dipartimento di Giurisprudenza dell\u2019Universit\u00e0 di Pisa nell\u2019ambito del progetto <strong>PRIN 2022 V-HELP<\/strong> (<em>Vulnerabilities arising from Human-robot collaboration in the workplace: Ethical and Legal Perspectives<\/em>), in collaborazione con il Dipartimento di Civilt\u00e0 e Forme del Sapere, il centro <a href=\"https:\/\/detect.unipi.it\/\" target=\"_blank\" rel=\"noopener\">DETECT<\/a> dell\u2019Universit\u00e0 di Pisa e la Fondazione Eranos, il convegno \u00e8 parte delle attivit\u00e0 del partenariato esteso <strong>FAIR \u2013 Future Artificial Intelligence Research<\/strong>.<\/p>\n<p>Un\u00a0dialogo fondamentale per riflettere sul sottile confine tra umano e artificiale, riunendo prospettive interdisciplinari di <strong>filosofia<\/strong>, <strong>diritto<\/strong> e<strong> tecnologia <\/strong>per comprendere e affrontare le sfide poste dalla crescente collaborazione uomo-macchina.<\/p>\n<p>Coordinato dal Prof. <strong>Ilario Belloni<\/strong>, responsabile dell\u2019Unit\u00e0 Locale del progetto, e dalla Dott.ssa <strong>Sara Pautasso<\/strong>, il convegno esplorer\u00e0 le sfide della collaborazione con le macchine intelligenti: <strong>come costruire fiducia<\/strong>, <strong>quali rischi e vulnerabilit\u00e0 emergono<\/strong> e <strong>che ruolo devono assumere le norme etiche e giuridiche<\/strong> per tutelare la dignit\u00e0 umana in un contesto sempre pi\u00f9 condiviso con le tecnologie avanzate.<\/p>\n<h4><strong>Il programma<\/strong><\/h4>\n<p>La prima giornata, <strong>20 novembre<\/strong>, avr\u00e0 inizio alle <strong>14:30<\/strong> con la sessione <strong>&#8220;Tecnologia vs Umanit\u00e0?&#8221;<\/strong>, coordinata da Tommaso Greco (Universit\u00e0 di Pisa). Gli interventi di Fabio Merlini (Fondazione Eranos), Franco Bonsignori (Universit\u00e0 di Pisa), Adriano Fabris (Universit\u00e0 di Pisa) e Pier Giuseppe Puggioni (Universit\u00e0 Milano-Bicocca) si concentreranno sulla tensione tra progresso tecnologico e valori umani.<\/p>\n<p>Il <strong>21 novembre<\/strong> sar\u00e0 dedicato ai <strong>&#8220;Profili etico-giuridici dell\u2019interazione con le macchine&#8221;<\/strong>, con relatori quali Domenico Laforenza (emerito CNR), Veronica Neri (Universit\u00e0 di Pisa), Sara Pautasso (Universit\u00e0 di Pisa) e Mariapia Romeo (Universit\u00e0 di Pisa), moderati da Enza Pellecchia (Universit\u00e0 di Pisa).<\/p>\n<p>La chiusura dei lavori vedr\u00e0 l\u2019intervento di <strong>Eugenio Ripepe<\/strong> (emerito di Filosofia del diritto), seguito da un saluto musicale curato da Franco Bonsignori e Carla Giometti.<\/p>\n<p data-pm-slice=\"0 0 []\">\u00a0<\/p>\n","protected":false},"author":2,"featured_media":2857,"menu_order":0,"comment_status":"open","ping_status":"closed","template":"","meta":[],"tags":[68,45,57,73,85,42,89,62],"event_type":[14,23,15,16,17,18,19,20,21,22],"event_type_2":[],"class_list":["post-2856","ajde_events","type-ajde_events","status-publish","has-post-thumbnail","hentry","tag-ai","tag-artificial-intelligence","tag-evento","tag-fair","tag-ia","tag-intelligenza-artificiale-2","tag-ricerca","tag-workshop","event_type-spoke-1","event_type-spoke-10","event_type-spoke-2","event_type-spoke-3","event_type-spoke-4","event_type-spoke-5","event_type-spoke-6","event_type-spoke-7","event_type-spoke-8","event_type-spoke-9"],"_links":{"self":[{"href":"https:\/\/fondazione-fair.it\/en\/wp-json\/wp\/v2\/ajde_events\/2856","targetHints":{"allow":["GET"]}}],"collection":[{"href":"https:\/\/fondazione-fair.it\/en\/wp-json\/wp\/v2\/ajde_events"}],"about":[{"href":"https:\/\/fondazione-fair.it\/en\/wp-json\/wp\/v2\/types\/ajde_events"}],"author":[{"embeddable":true,"href":"https:\/\/fondazione-fair.it\/en\/wp-json\/wp\/v2\/users\/2"}],"replies":[{"embeddable":true,"href":"https:\/\/fondazione-fair.it\/en\/wp-json\/wp\/v2\/comments?post=2856"}],"wp:featuredmedia":[{"embeddable":true,"href":"https:\/\/fondazione-fair.it\/en\/wp-json\/wp\/v2\/media\/2857"}],"wp:attachment":[{"href":"https:\/\/fondazione-fair.it\/en\/wp-json\/wp\/v2\/media?parent=2856"}],"wp:term":[{"taxonomy":"post_tag","embeddable":true,"href":"https:\/\/fondazione-fair.it\/en\/wp-json\/wp\/v2\/tags?post=2856"},{"taxonomy":"event_type","embeddable":true,"href":"https:\/\/fondazione-fair.it\/en\/wp-json\/wp\/v2\/event_type?post=2856"},{"taxonomy":"event_type_2","embeddable":true,"href":"https:\/\/fondazione-fair.it\/en\/wp-json\/wp\/v2\/event_type_2?post=2856"}],"curies":[{"name":"wp","href":"https:\/\/api.w.org\/{rel}","templated":true}]}}

Welcome to the Machine. Fiducia, rischio, vulnerabilità nell&#8217;interazione umana con le macchine

<p>Il <strong>20 e 21 novembre</strong> 2024, l&#8217;Aula Magna Storica del Palazzo &#8220;La Sapienza&#8221; di <strong>Pisa</strong> ospiterà il <strong>convegno</strong> <strong>&#8220;Welcome to the Machine. Fiducia, rischio, vulnerabilità nell&#8217;interazione umana con le macchine&#8221;</strong>, un appuntamento di rilievo scientifico e culturale dedicato alle implicazioni etiche e giuridiche dell’interazione uomo-macchina.</p>
<p>Promosso dal Dipartimento di Giurisprudenza dell’Università di Pisa nell’ambito del progetto <strong>PRIN 2022 V-HELP</strong> (<em>Vulnerabilities arising from Human-robot collaboration in the workplace: Ethical and Legal Perspectives</em>), in collaborazione con il Dipartimento di Civiltà e Forme del Sapere, il centro <a href="https://detect.unipi.it/" target="_blank" rel="noopener">DETECT</a> dell’Università di Pisa e la Fondazione Eranos, il convegno è parte delle attività del partenariato esteso <strong>FAIR – Future Artificial Intelligence Research</strong>.</p>
<p>Un dialogo fondamentale per riflettere sul sottile confine tra umano e artificiale, riunendo prospettive interdisciplinari di <strong>filosofia</strong>, <strong>diritto</strong> e<strong> tecnologia </strong>per comprendere e affrontare le sfide poste dalla crescente collaborazione uomo-macchina.</p>
<p>Coordinato dal Prof. <strong>Ilario Belloni</strong>, responsabile dell’Unità Locale del progetto, e dalla Dott.ssa <strong>Sara Pautasso</strong>, il convegno esplorerà le sfide della collaborazione con le macchine intelligenti: <strong>come costruire fiducia</strong>, <strong>quali rischi e vulnerabilità emergono</strong> e <strong>che ruolo devono assumere le norme etiche e giuridiche</strong> per tutelare la dignità umana in un contesto sempre più condiviso con le tecnologie avanzate.</p>
<h4><strong>Il programma</strong></h4>
<p>La prima giornata, <strong>20 novembre</strong>, avrà inizio alle <strong>14:30</strong> con la sessione <strong>&#8220;Tecnologia vs Umanità?&#8221;</strong>, coordinata da Tommaso Greco (Università di Pisa). Gli interventi di Fabio Merlini (Fondazione Eranos), Franco Bonsignori (Università di Pisa), Adriano Fabris (Università di Pisa) e Pier Giuseppe Puggioni (Università Milano-Bicocca) si concentreranno sulla tensione tra progresso tecnologico e valori umani.</p>
<p>Il <strong>21 novembre</strong> sarà dedicato ai <strong>&#8220;Profili etico-giuridici dell’interazione con le macchine&#8221;</strong>, con relatori quali Domenico Laforenza (emerito CNR), Veronica Neri (Università di Pisa), Sara Pautasso (Università di Pisa) e Mariapia Romeo (Università di Pisa), moderati da Enza Pellecchia (Università di Pisa).</p>
<p>La chiusura dei lavori vedrà l’intervento di <strong>Eugenio Ripepe</strong> (emerito di Filosofia del diritto), seguito da un saluto musicale curato da Franco Bonsignori e Carla Giometti.</p>
<p data-pm-slice="0 0 []"> </p>
