{"id":2849,"date":"2024-11-20T13:46:42","date_gmt":"2024-11-20T12:46:42","guid":{"rendered":"https:\/\/fondazione-fair.it\/evento\/workshop-nl4ai-2024-on-natural-language-artificial-intelligence\/"},"modified":"2024-11-20T14:02:58","modified_gmt":"2024-11-20T13:02:58","slug":"workshop-nl4ai-2024-on-natural-language-artificial-intelligence","status":"publish","type":"ajde_events","link":"https:\/\/fondazione-fair.it\/en\/evento\/workshop-nl4ai-2024-on-natural-language-artificial-intelligence\/","title":{"rendered":"Workshop NL4AI 2024 on Natural Language Artificial Intelligence"},"content":{"rendered":"<div class=\"flex max-w-full flex-col flex-grow\">\n<div class=\"min-h-8 text-message flex w-full flex-col items-end gap-2 whitespace-normal break-words [.text-message+&amp;]:mt-5\" dir=\"auto\" data-message-author-role=\"assistant\" data-message-id=\"1a75350a-5be5-483f-b1e0-b82dc634a157\" data-message-model-slug=\"gpt-4o\">\n<div class=\"flex w-full flex-col gap-1 empty:hidden first:pt-[3px]\">\n<div class=\"markdown prose w-full break-words dark:prose-invert dark\">\n<p>Dal 25 al 28 novembre, Bolzano ospiter\u00e0 il <strong>Workshop NL4AI 2024<\/strong>, un evento dedicato all\u2019<strong>intelligenza artificiale applicata al linguaggio naturale<\/strong>, coordinato da <em>Lucia Siciliani<\/em> (Spoke 6).<\/p>\n<p>La ricerca sull\u2019elaborazione del linguaggio naturale (Natural Language Processing, NLP) rappresenta uno dei settori pi\u00f9 rilevanti nell\u2019<strong>IA moderna<\/strong>, trovandosi al crocevia tra apprendimento automatico, rappresentazione della conoscenza e modellazione cognitiva. I recenti progressi in questo ambito hanno dimostrato un impatto significativo su compiti di inferenza complessi, aprendo nuove prospettive per l\u2019analisi, la modellazione e il trattamento del linguaggio.<\/p>\n<p>Il workshop, sostenuto dallo <strong>Special Interest Group on NLP<\/strong> dell\u2019AI*IA, dall\u2019<strong>AILC<\/strong> e patrocinato da <strong>FAIR<\/strong>, offrir\u00e0 una panoramica completa delle attivit\u00e0 pi\u00f9 recenti nel campo delle Human Language Technologies (HLT) in Italia. L\u2019obiettivo principale sar\u00e0 esplorare le sinergie tra NLP e IA, creando un forum di confronto tra studenti, ricercatori e professionisti.<\/p>\n<p>Durante l\u2019evento, verranno presentate iniziative rilevanti per la comunit\u00e0 italiana, con un <strong>focus<\/strong> <strong>su<\/strong> ricerca e applicazioni industriali nel settore. Un\u2019occasione imperdibile per chi \u00e8 interessato a conoscere gli sviluppi pi\u00f9 innovativi in questo affascinante campo.<\/p>\n<p>Per maggiori informazioni sul workshop <a href=\"http:\/\/sag.art.uniroma2.it\/NL4AI\/\" target=\"_blank\" rel=\"noopener\"><strong>vai al link<\/strong><\/a>.<\/p>\n<\/div>\n<\/div>\n<\/div>\n<\/div>\n","protected":false},"author":2,"featured_media":2850,"menu_order":0,"comment_status":"open","ping_status":"closed","template":"","meta":[],"tags":[68,45,57,73,85,42,98,89,62],"event_type":[19],"event_type_2":[],"class_list":["post-2849","ajde_events","type-ajde_events","status-publish","has-post-thumbnail","hentry","tag-ai","tag-artificial-intelligence","tag-evento","tag-fair","tag-ia","tag-intelligenza-artificiale-2","tag-natural-language-processing","tag-ricerca","tag-workshop","event_type-spoke-6"],"_links":{"self":[{"href":"https:\/\/fondazione-fair.it\/en\/wp-json\/wp\/v2\/ajde_events\/2849","targetHints":{"allow":["GET"]}}],"collection":[{"href":"https:\/\/fondazione-fair.it\/en\/wp-json\/wp\/v2\/ajde_events"}],"about":[{"href":"https:\/\/fondazione-fair.it\/en\/wp-json\/wp\/v2\/types\/ajde_events"}],"author":[{"embeddable":true,"href":"https:\/\/fondazione-fair.it\/en\/wp-json\/wp\/v2\/users\/2"}],"replies":[{"embeddable":true,"href":"https:\/\/fondazione-fair.it\/en\/wp-json\/wp\/v2\/comments?post=2849"}],"wp:featuredmedia":[{"embeddable":true,"href":"https:\/\/fondazione-fair.it\/en\/wp-json\/wp\/v2\/media\/2850"}],"wp:attachment":[{"href":"https:\/\/fondazione-fair.it\/en\/wp-json\/wp\/v2\/media?parent=2849"}],"wp:term":[{"taxonomy":"post_tag","embeddable":true,"href":"https:\/\/fondazione-fair.it\/en\/wp-json\/wp\/v2\/tags?post=2849"},{"taxonomy":"event_type","embeddable":true,"href":"https:\/\/fondazione-fair.it\/en\/wp-json\/wp\/v2\/event_type?post=2849"},{"taxonomy":"event_type_2","embeddable":true,"href":"https:\/\/fondazione-fair.it\/en\/wp-json\/wp\/v2\/event_type_2?post=2849"}],"curies":[{"name":"wp","href":"https:\/\/api.w.org\/{rel}","templated":true}]}}

<div class="flex max-w-full flex-col flex-grow">
<div class="min-h-8 text-message flex w-full flex-col items-end gap-2 whitespace-normal break-words [.text-message+&amp;]:mt-5" dir="auto" data-message-author-role="assistant" data-message-id="1a75350a-5be5-483f-b1e0-b82dc634a157" data-message-model-slug="gpt-4o">
<div class="flex w-full flex-col gap-1 empty:hidden first:pt-[3px]">
<div class="markdown prose w-full break-words dark:prose-invert dark">
<p>Dal 25 al 28 novembre, Bolzano ospiterà il <strong>Workshop NL4AI 2024</strong>, un evento dedicato all’<strong>intelligenza artificiale applicata al linguaggio naturale</strong>, coordinato da <em>Lucia Siciliani</em> (Spoke 6).</p>
<p>La ricerca sull’elaborazione del linguaggio naturale (Natural Language Processing, NLP) rappresenta uno dei settori più rilevanti nell’<strong>IA moderna</strong>, trovandosi al crocevia tra apprendimento automatico, rappresentazione della conoscenza e modellazione cognitiva. I recenti progressi in questo ambito hanno dimostrato un impatto significativo su compiti di inferenza complessi, aprendo nuove prospettive per l’analisi, la modellazione e il trattamento del linguaggio.</p>
<p>Il workshop, sostenuto dallo <strong>Special Interest Group on NLP</strong> dell’AI*IA, dall’<strong>AILC</strong> e patrocinato da <strong>FAIR</strong>, offrirà una panoramica completa delle attività più recenti nel campo delle Human Language Technologies (HLT) in Italia. L’obiettivo principale sarà esplorare le sinergie tra NLP e IA, creando un forum di confronto tra studenti, ricercatori e professionisti.</p>
<p>Durante l’evento, verranno presentate iniziative rilevanti per la comunità italiana, con un <strong>focus</strong> <strong>su</strong> ricerca e applicazioni industriali nel settore. Un’occasione imperdibile per chi è interessato a conoscere gli sviluppi più innovativi in questo affascinante campo.</p>
<p>Per maggiori informazioni sul workshop <a href="http://sag.art.uniroma2.it/NL4AI/" target="_blank" rel="noopener"><strong>vai al link</strong></a>.</p>
</div>
</div>
</div>
</div>
