{"id":2817,"date":"2024-10-31T18:37:31","date_gmt":"2024-10-31T17:37:31","guid":{"rendered":"https:\/\/fondazione-fair.it\/?post_type=ajde_events&#038;p=2817"},"modified":"2024-10-31T18:37:31","modified_gmt":"2024-10-31T17:37:31","slug":"explimed-first-workshop-on-explainable-artificial-intelligence-for-the-medical-domain","status":"publish","type":"ajde_events","link":"https:\/\/fondazione-fair.it\/en\/evento\/explimed-first-workshop-on-explainable-artificial-intelligence-for-the-medical-domain\/","title":{"rendered":"EXPLIMED &#8211; First Workshop on Explainable Artificial Intelligence for the medical domain"},"content":{"rendered":"<p>L&#8217;Intelligenza Artificiale si \u00e8 dimostrata molto promettente nel trasformare la diagnosi, il trattamento e la cura dei pazienti in campo medico. Se da un lato i sistemi basati sui dati possono creare modelli molto accurati, dall&#8217;altro ci sono preoccupazioni circa la loro correttezza. L&#8217;opacit\u00e0 di molti modelli di IA pu\u00f2 essere particolarmente problematica in ambiti critici come quello sanitario. Questa proposta mira a dare priorit\u00e0 allo sviluppo dell&#8217;Intelligenza Artificiale Spiegabile (XAI) in campo medico, sottolineando la sua importanza nel migliorare la trasparenza, la responsabilit\u00e0 e l&#8217;affidabilit\u00e0. <\/p>\n<p>L&#8217;obiettivo di questo workshop \u00e8 esplorare ed esporre ricerche, metodologie e casi di studio incentrati sull&#8217;integrazione dell&#8217;Intelligenza Artificiale Spiegabile (XAI) nel settore medico. Fornir\u00e0 una piattaforma per ricercatori, professionisti e responsabili politici per condividere le loro intuizioni e i loro progressi in materia di XAI. L&#8217;obiettivo \u00e8 migliorare la trasparenza e la fiducia nei sistemi di intelligenza artificiale in campo medico. <\/p>\n<p>Il workshop si propone di evidenziare l&#8217;importanza della XAI nel processo decisionale in campo medico, di condividere approcci e tecnologie innovative che migliorano l&#8217;interpretabilit\u00e0 dell&#8217;IA medica e di discutere le implicazioni normative e le strategie di conformit\u00e0 per l&#8217;incorporazione della XAI nelle applicazioni di IA sanitaria.<\/p>\n<p>IL workshop \u00e8 organizzato da Giovanna Castellano, Gianluca Zaza e Gabriella Casalino dell&#8217;Universit\u00e0 di Bari (Spoke 6) \u00a0nell&#8217;ambito di ECAI 2024, in collaborazione con FAIR.<\/p>\n<p>Per maggiori informazioni visita <strong><a href=\"https:\/\/sites.google.com\/view\/explimed\/home-page?authuser=0\" target=\"_blank\" rel=\"noopener\">il sito del workshop<\/a><\/strong>.<br \/>\n<i><\/i><\/p>\n","protected":false},"author":2,"featured_media":2818,"menu_order":0,"comment_status":"open","ping_status":"closed","template":"","meta":[],"tags":[45,57,73,95,85,42,62,96],"event_type":[19],"event_type_2":[],"class_list":["post-2817","ajde_events","type-ajde_events","status-publish","has-post-thumbnail","hentry","tag-artificial-intelligence","tag-evento","tag-fair","tag-health","tag-ia","tag-intelligenza-artificiale-2","tag-workshop","tag-xai","event_type-spoke-6"],"_links":{"self":[{"href":"https:\/\/fondazione-fair.it\/en\/wp-json\/wp\/v2\/ajde_events\/2817","targetHints":{"allow":["GET"]}}],"collection":[{"href":"https:\/\/fondazione-fair.it\/en\/wp-json\/wp\/v2\/ajde_events"}],"about":[{"href":"https:\/\/fondazione-fair.it\/en\/wp-json\/wp\/v2\/types\/ajde_events"}],"author":[{"embeddable":true,"href":"https:\/\/fondazione-fair.it\/en\/wp-json\/wp\/v2\/users\/2"}],"replies":[{"embeddable":true,"href":"https:\/\/fondazione-fair.it\/en\/wp-json\/wp\/v2\/comments?post=2817"}],"wp:featuredmedia":[{"embeddable":true,"href":"https:\/\/fondazione-fair.it\/en\/wp-json\/wp\/v2\/media\/2818"}],"wp:attachment":[{"href":"https:\/\/fondazione-fair.it\/en\/wp-json\/wp\/v2\/media?parent=2817"}],"wp:term":[{"taxonomy":"post_tag","embeddable":true,"href":"https:\/\/fondazione-fair.it\/en\/wp-json\/wp\/v2\/tags?post=2817"},{"taxonomy":"event_type","embeddable":true,"href":"https:\/\/fondazione-fair.it\/en\/wp-json\/wp\/v2\/event_type?post=2817"},{"taxonomy":"event_type_2","embeddable":true,"href":"https:\/\/fondazione-fair.it\/en\/wp-json\/wp\/v2\/event_type_2?post=2817"}],"curies":[{"name":"wp","href":"https:\/\/api.w.org\/{rel}","templated":true}]}}

<p>L&#8217;Intelligenza Artificiale si è dimostrata molto promettente nel trasformare la diagnosi, il trattamento e la cura dei pazienti in campo medico. Se da un lato i sistemi basati sui dati possono creare modelli molto accurati, dall&#8217;altro ci sono preoccupazioni circa la loro correttezza. L&#8217;opacità di molti modelli di IA può essere particolarmente problematica in ambiti critici come quello sanitario. Questa proposta mira a dare priorità allo sviluppo dell&#8217;Intelligenza Artificiale Spiegabile (XAI) in campo medico, sottolineando la sua importanza nel migliorare la trasparenza, la responsabilità e l&#8217;affidabilità. </p>
<p>L&#8217;obiettivo di questo workshop è esplorare ed esporre ricerche, metodologie e casi di studio incentrati sull&#8217;integrazione dell&#8217;Intelligenza Artificiale Spiegabile (XAI) nel settore medico. Fornirà una piattaforma per ricercatori, professionisti e responsabili politici per condividere le loro intuizioni e i loro progressi in materia di XAI. L&#8217;obiettivo è migliorare la trasparenza e la fiducia nei sistemi di intelligenza artificiale in campo medico. </p>
<p>Il workshop si propone di evidenziare l&#8217;importanza della XAI nel processo decisionale in campo medico, di condividere approcci e tecnologie innovative che migliorano l&#8217;interpretabilità dell&#8217;IA medica e di discutere le implicazioni normative e le strategie di conformità per l&#8217;incorporazione della XAI nelle applicazioni di IA sanitaria.</p>
<p>IL workshop è organizzato da Giovanna Castellano, Gianluca Zaza e Gabriella Casalino dell&#8217;Università di Bari (Spoke 6)  nell&#8217;ambito di ECAI 2024, in collaborazione con FAIR.</p>
<p>Per maggiori informazioni visita <strong><a href="https://sites.google.com/view/explimed/home-page?authuser=0" target="_blank" rel="noopener">il sito del workshop</a></strong>.<br />
<i></i></p>
