{"id":2786,"date":"2024-10-28T15:59:53","date_gmt":"2024-10-28T14:59:53","guid":{"rendered":"https:\/\/fondazione-fair.it\/evento\/workshop-impact-of-ai-on-society\/"},"modified":"2024-10-28T16:32:33","modified_gmt":"2024-10-28T15:32:33","slug":"workshop-impact-of-ai-on-society","status":"publish","type":"ajde_events","link":"https:\/\/fondazione-fair.it\/en\/evento\/workshop-impact-of-ai-on-society\/","title":{"rendered":"Workshop &#8220;Impact of AI on Society&#8221;"},"content":{"rendered":"<p>Il workshop &#8220;<em>Impact of AI on Society<\/em>&#8221; si terr\u00e0 il <strong>31<\/strong> <strong>ottobre<\/strong> <strong>2024<\/strong> presso l&#8217;Istituto di Studi Avanzati Carlo Azeglio Ciampi a <strong>Firenze<\/strong>. Organizzato dall&#8217;Istituto Ciampi, dalla Scuola Normale Superiore e da FAIR, l&#8217;evento \u00e8 pensato per stimolare una riflessione approfondita sull&#8217;<strong>impatto dell&#8217;Intelligenza Artificiale<\/strong> nei diversi aspetti della societ\u00e0 contemporanea.<\/p>\n<p>L&#8217;Intelligenza Artificiale continua a evolversi e a integrarsi sempre pi\u00f9 nelle dinamiche quotidiane, influenzando settori chiave come il lavoro, l&#8217;istruzione e le interazioni sociali online. Per offrire una visione ampia e approfondita di queste trasformazioni, il <strong>workshop<\/strong> \u00e8 strutturato in <strong>tre sessioni tematiche<\/strong> con diversi scopi:<\/p>\n<ol>\n<li>\n<p><strong>Impatto dell&#8217;IA sul lavoro<\/strong>: questa sessione analizzer\u00e0 come l&#8217;IA stia ridefinendo il mercato del lavoro, creando nuove opportunit\u00e0 ma anche nuove sfide. I relatori discuteranno delle competenze richieste in un&#8217;economia sempre pi\u00f9 automatizzata, esaminando casi di studio e strategie di adattamento per i settori pi\u00f9 influenzati.<\/p>\n<\/li>\n<li>\n<p><strong>Impatto dell&#8217;IA su istruzione e ricerca<\/strong>: la seconda sessione esplorer\u00e0 come l&#8217;Intelligenza Artificiale stia trasformando l&#8217;educazione, dall&#8217;apprendimento personalizzato all&#8217;ottimizzazione dei processi amministrativi. Si rifletter\u00e0 sulle potenzialit\u00e0 e sui rischi che questa tecnologia presenta per il miglioramento dell\u2019esperienza formativa, e sulle implicazioni per educatori e studenti.<\/p>\n<\/li>\n<li>\n<p><strong>Impatto dell&#8217;IA sul comportamento umano online<\/strong>: infine, questa sessione indagher\u00e0 l&#8217;influenza dell&#8217;IA sulle interazioni digitali, sui social media e sulla mobilit\u00e0 umana. Verranno affrontati i temi della formazione dell&#8217;opinione pubblica e della disinformazione, nonch\u00e9 le implicazioni etiche della personalizzazione delle esperienze digitali.<\/p>\n<\/li>\n<\/ol>\n<p>L&#8217;evento sar\u00e0 coordinato da <em>Fosca Giannotti<\/em> e <em>Luca Pappalardo<\/em>, membri dello Spoke 1 di FAIR, e si propone di essere un&#8217;occasione unica per esplorare le potenzialit\u00e0 e le criticit\u00e0 di una tecnologia che sta rivoluzionando il nostro mondo.<\/p>\n<p>Per approfondire il workshop, <strong>visita il <a href=\"https:\/\/istitutociampi.sns.it\/evento\/the-impact-of-ai-on-society-2\/#descrizione\" target=\"_new\" rel=\"noopener\">sito dell&#8217;Istituto Ciampi<\/a><\/strong>.<\/p>\n","protected":false},"author":2,"featured_media":2787,"menu_order":0,"comment_status":"open","ping_status":"closed","template":"","meta":[],"tags":[68,45,57,73,87,85,42,89],"event_type":[14],"event_type_2":[],"class_list":["post-2786","ajde_events","type-ajde_events","status-publish","has-post-thumbnail","hentry","tag-ai","tag-artificial-intelligence","tag-evento","tag-fair","tag-formazione","tag-ia","tag-intelligenza-artificiale-2","tag-ricerca","event_type-spoke-1"],"_links":{"self":[{"href":"https:\/\/fondazione-fair.it\/en\/wp-json\/wp\/v2\/ajde_events\/2786","targetHints":{"allow":["GET"]}}],"collection":[{"href":"https:\/\/fondazione-fair.it\/en\/wp-json\/wp\/v2\/ajde_events"}],"about":[{"href":"https:\/\/fondazione-fair.it\/en\/wp-json\/wp\/v2\/types\/ajde_events"}],"author":[{"embeddable":true,"href":"https:\/\/fondazione-fair.it\/en\/wp-json\/wp\/v2\/users\/2"}],"replies":[{"embeddable":true,"href":"https:\/\/fondazione-fair.it\/en\/wp-json\/wp\/v2\/comments?post=2786"}],"wp:featuredmedia":[{"embeddable":true,"href":"https:\/\/fondazione-fair.it\/en\/wp-json\/wp\/v2\/media\/2787"}],"wp:attachment":[{"href":"https:\/\/fondazione-fair.it\/en\/wp-json\/wp\/v2\/media?parent=2786"}],"wp:term":[{"taxonomy":"post_tag","embeddable":true,"href":"https:\/\/fondazione-fair.it\/en\/wp-json\/wp\/v2\/tags?post=2786"},{"taxonomy":"event_type","embeddable":true,"href":"https:\/\/fondazione-fair.it\/en\/wp-json\/wp\/v2\/event_type?post=2786"},{"taxonomy":"event_type_2","embeddable":true,"href":"https:\/\/fondazione-fair.it\/en\/wp-json\/wp\/v2\/event_type_2?post=2786"}],"curies":[{"name":"wp","href":"https:\/\/api.w.org\/{rel}","templated":true}]}}

<p>Il workshop &#8220;<em>Impact of AI on Society</em>&#8221; si terrà il <strong>31</strong> <strong>ottobre</strong> <strong>2024</strong> presso l&#8217;Istituto di Studi Avanzati Carlo Azeglio Ciampi a <strong>Firenze</strong>. Organizzato dall&#8217;Istituto Ciampi, dalla Scuola Normale Superiore e da FAIR, l&#8217;evento è pensato per stimolare una riflessione approfondita sull&#8217;<strong>impatto dell&#8217;Intelligenza Artificiale</strong> nei diversi aspetti della società contemporanea.</p>
<p>L&#8217;Intelligenza Artificiale continua a evolversi e a integrarsi sempre più nelle dinamiche quotidiane, influenzando settori chiave come il lavoro, l&#8217;istruzione e le interazioni sociali online. Per offrire una visione ampia e approfondita di queste trasformazioni, il <strong>workshop</strong> è strutturato in <strong>tre sessioni tematiche</strong> con diversi scopi:</p>
<ol>
<li>
<p><strong>Impatto dell&#8217;IA sul lavoro</strong>: questa sessione analizzerà come l&#8217;IA stia ridefinendo il mercato del lavoro, creando nuove opportunità ma anche nuove sfide. I relatori discuteranno delle competenze richieste in un&#8217;economia sempre più automatizzata, esaminando casi di studio e strategie di adattamento per i settori più influenzati.</p>
</li>
<li>
<p><strong>Impatto dell&#8217;IA su istruzione e ricerca</strong>: la seconda sessione esplorerà come l&#8217;Intelligenza Artificiale stia trasformando l&#8217;educazione, dall&#8217;apprendimento personalizzato all&#8217;ottimizzazione dei processi amministrativi. Si rifletterà sulle potenzialità e sui rischi che questa tecnologia presenta per il miglioramento dell’esperienza formativa, e sulle implicazioni per educatori e studenti.</p>
</li>
<li>
<p><strong>Impatto dell&#8217;IA sul comportamento umano online</strong>: infine, questa sessione indagherà l&#8217;influenza dell&#8217;IA sulle interazioni digitali, sui social media e sulla mobilità umana. Verranno affrontati i temi della formazione dell&#8217;opinione pubblica e della disinformazione, nonché le implicazioni etiche della personalizzazione delle esperienze digitali.</p>
</li>
</ol>
<p>L&#8217;evento sarà coordinato da <em>Fosca Giannotti</em> e <em>Luca Pappalardo</em>, membri dello Spoke 1 di FAIR, e si propone di essere un&#8217;occasione unica per esplorare le potenzialità e le criticità di una tecnologia che sta rivoluzionando il nostro mondo.</p>
<p>Per approfondire il workshop, <strong>visita il <a href="https://istitutociampi.sns.it/evento/the-impact-of-ai-on-society-2/#descrizione" target="_new" rel="noopener">sito dell&#8217;Istituto Ciampi</a></strong>.</p>
