{"id":2784,"date":"2024-10-27T17:30:03","date_gmt":"2024-10-27T16:30:03","guid":{"rendered":"https:\/\/fondazione-fair.it\/evento\/awareness-panel-ai-and-education\/"},"modified":"2024-10-31T17:49:33","modified_gmt":"2024-10-31T16:49:33","slug":"awareness-panel-ai-and-education","status":"publish","type":"ajde_events","link":"https:\/\/fondazione-fair.it\/en\/evento\/awareness-panel-ai-and-education\/","title":{"rendered":"Awareness Panel: AI and Education"},"content":{"rendered":"<p>L&#8217;integrazione dell&#8217;Intelligenza Artificiale nell&#8217;educazione sta rivoluzionando l&#8217;insegnamento, l&#8217;apprendimento e la gestione dei sistemi educativi. Questo <strong>panel<\/strong> riunisce esperti provenienti dal mondo accademico, scolastico, imprenditoriale e delle istituzioni educative, con l\u2019obiettivo di esplorare il futuro dell&#8217;IA nell\u2019istruzione. Durante l&#8217;evento verranno affrontati temi chiave come la personalizzazione dell&#8217;apprendimento, il miglioramento dell\u2019accessibilit\u00e0 e il supporto agli insegnanti, oltre a questioni etiche legate alla privacy dei dati e ai bias algoritmici.<\/p>\n<p>Il panel offrir\u00e0 anche una riflessione sulle tendenze attuali, sulle sfide e sulle opportunit\u00e0 legate all&#8217;IA nell&#8217;istruzione. Sar\u00e0 dato particolare rilievo alla collaborazione tra educatori, tecnologi e decisori politici per sviluppare soluzioni educative guidate dall&#8217;IA che siano innovative, inclusive e sostenibili.<\/p>\n<p><strong>Dettagli evento:<\/strong><\/p>\n<ul>\n<li><strong>Data:<\/strong> 12 novembre 2024<\/li>\n<li><strong>Orario:<\/strong> 17:30 &#8211; 19:00<\/li>\n<li><strong>Luogo:<\/strong> Politecnico di Milano, Dipartimento di Elettronica, Informazione e Bioingegneria, Aula &#8220;Osvaldo De Donato&#8221; (Edificio 3)<\/li>\n<\/ul>\n<p><strong>Moderatrice:<\/strong> <em>Susanna<\/em> <em>Sancassani<\/em>, Responsabile del METID del Politecnico di Milano e Project Manager di Edvance-Digital Education Hub.<\/p>\n<p><strong>Relatori:<\/strong> <em>Luca Mari<\/em> (LIUC), <em>Lorenzo Maternini<\/em> (Talent Garden), <em>Antonio Palmieri<\/em> (Fondazione Pensiero Solido), <em>Cristina Pozzi<\/em> (Edulia di Sapere Treccani), <em>Cornelia Schneider-Pungs<\/em> (Microsoft), <em>Tommaso Bianchi<\/em> (Politecnico di Milano) e <em>Daniela Casiraghi<\/em> (METID &#8211; Politecnico di Milano).<\/p>\n<p>La partecipazione \u00e8 gratuita, ma la registrazione \u00e8 obbligatoria. Per assicurarti un posto, <strong>compila<\/strong>\u00a0<strong>il<\/strong> <strong><a href=\"https:\/\/forms.office.com\/pages\/responsepage.aspx?id=K3EXCvNtXUKAjjCd8ope66d7iDWi6nFAqQ3Ri7Nv0uNUMTA2OFdFR09WU1FIVEFKR0NKVVNGSFVCSS4u&amp;route=shorturl\" target=\"_blank\" rel=\"noopener\">modulo di registrazione<\/a><\/strong>.<\/p>\n<p>Per maggiori informazioni sull&#8217;evento, <a href=\"https:\/\/www.deib.polimi.it\/ita\/eventi\/dettagli\/3043\" target=\"_blank\" rel=\"noopener\"><strong>vai al link<\/strong><\/a>.<\/p>\n","protected":false},"author":2,"featured_media":1668,"menu_order":0,"comment_status":"open","ping_status":"closed","template":"","meta":[],"tags":[68,45,57,73,87,85,42],"event_type":[17],"event_type_2":[],"class_list":["post-2784","ajde_events","type-ajde_events","status-publish","has-post-thumbnail","hentry","tag-ai","tag-artificial-intelligence","tag-evento","tag-fair","tag-formazione","tag-ia","tag-intelligenza-artificiale-2","event_type-spoke-4"],"_links":{"self":[{"href":"https:\/\/fondazione-fair.it\/en\/wp-json\/wp\/v2\/ajde_events\/2784","targetHints":{"allow":["GET"]}}],"collection":[{"href":"https:\/\/fondazione-fair.it\/en\/wp-json\/wp\/v2\/ajde_events"}],"about":[{"href":"https:\/\/fondazione-fair.it\/en\/wp-json\/wp\/v2\/types\/ajde_events"}],"author":[{"embeddable":true,"href":"https:\/\/fondazione-fair.it\/en\/wp-json\/wp\/v2\/users\/2"}],"replies":[{"embeddable":true,"href":"https:\/\/fondazione-fair.it\/en\/wp-json\/wp\/v2\/comments?post=2784"}],"wp:featuredmedia":[{"embeddable":true,"href":"https:\/\/fondazione-fair.it\/en\/wp-json\/wp\/v2\/media\/1668"}],"wp:attachment":[{"href":"https:\/\/fondazione-fair.it\/en\/wp-json\/wp\/v2\/media?parent=2784"}],"wp:term":[{"taxonomy":"post_tag","embeddable":true,"href":"https:\/\/fondazione-fair.it\/en\/wp-json\/wp\/v2\/tags?post=2784"},{"taxonomy":"event_type","embeddable":true,"href":"https:\/\/fondazione-fair.it\/en\/wp-json\/wp\/v2\/event_type?post=2784"},{"taxonomy":"event_type_2","embeddable":true,"href":"https:\/\/fondazione-fair.it\/en\/wp-json\/wp\/v2\/event_type_2?post=2784"}],"curies":[{"name":"wp","href":"https:\/\/api.w.org\/{rel}","templated":true}]}}

<p>L&#8217;integrazione dell&#8217;Intelligenza Artificiale nell&#8217;educazione sta rivoluzionando l&#8217;insegnamento, l&#8217;apprendimento e la gestione dei sistemi educativi. Questo <strong>panel</strong> riunisce esperti provenienti dal mondo accademico, scolastico, imprenditoriale e delle istituzioni educative, con l’obiettivo di esplorare il futuro dell&#8217;IA nell’istruzione. Durante l&#8217;evento verranno affrontati temi chiave come la personalizzazione dell&#8217;apprendimento, il miglioramento dell’accessibilità e il supporto agli insegnanti, oltre a questioni etiche legate alla privacy dei dati e ai bias algoritmici.</p>
<p>Il panel offrirà anche una riflessione sulle tendenze attuali, sulle sfide e sulle opportunità legate all&#8217;IA nell&#8217;istruzione. Sarà dato particolare rilievo alla collaborazione tra educatori, tecnologi e decisori politici per sviluppare soluzioni educative guidate dall&#8217;IA che siano innovative, inclusive e sostenibili.</p>
<p><strong>Dettagli evento:</strong></p>
<ul>
<li><strong>Data:</strong> 12 novembre 2024</li>
<li><strong>Orario:</strong> 17:30 &#8211; 19:00</li>
<li><strong>Luogo:</strong> Politecnico di Milano, Dipartimento di Elettronica, Informazione e Bioingegneria, Aula &#8220;Osvaldo De Donato&#8221; (Edificio 3)</li>
</ul>
<p><strong>Moderatrice:</strong> <em>Susanna</em> <em>Sancassani</em>, Responsabile del METID del Politecnico di Milano e Project Manager di Edvance-Digital Education Hub.</p>
<p><strong>Relatori:</strong> <em>Luca Mari</em> (LIUC), <em>Lorenzo Maternini</em> (Talent Garden), <em>Antonio Palmieri</em> (Fondazione Pensiero Solido), <em>Cristina Pozzi</em> (Edulia di Sapere Treccani), <em>Cornelia Schneider-Pungs</em> (Microsoft), <em>Tommaso Bianchi</em> (Politecnico di Milano) e <em>Daniela Casiraghi</em> (METID &#8211; Politecnico di Milano).</p>
<p>La partecipazione è gratuita, ma la registrazione è obbligatoria. Per assicurarti un posto, <strong>compila</strong> <strong>il</strong> <strong><a href="https://forms.office.com/pages/responsepage.aspx?id=K3EXCvNtXUKAjjCd8ope66d7iDWi6nFAqQ3Ri7Nv0uNUMTA2OFdFR09WU1FIVEFKR0NKVVNGSFVCSS4u&amp;route=shorturl" target="_blank" rel="noopener">modulo di registrazione</a></strong>.</p>
<p>Per maggiori informazioni sull&#8217;evento, <a href="https://www.deib.polimi.it/ita/eventi/dettagli/3043" target="_blank" rel="noopener"><strong>vai al link</strong></a>.</p>
