{"id":2757,"date":"2024-10-16T16:16:52","date_gmt":"2024-10-16T14:16:52","guid":{"rendered":"https:\/\/fondazione-fair.it\/evento\/lab-cini-aiis-maker-faire\/"},"modified":"2024-10-24T19:43:16","modified_gmt":"2024-10-24T17:43:16","slug":"intelligenza-artificiale-e-limpatto-sulle-aziende-di-lab-cini-aiis-con-maker-faire","status":"publish","type":"ajde_events","link":"https:\/\/fondazione-fair.it\/en\/evento\/intelligenza-artificiale-e-limpatto-sulle-aziende-di-lab-cini-aiis-con-maker-faire\/","title":{"rendered":"&#8220;Intelligenza Artificiale e l&#8217;impatto sulle aziende&#8221; di Lab CINI-AIIS con Maker Faire"},"content":{"rendered":"<p>Il <em>Lab CINI-AIIS<\/em> parteciper\u00e0 anche quest&#8217;anno alla <em>Maker Faire Rome<\/em>, che si terr\u00e0 dal<strong> 25 al 27 ottobre 2024<\/strong> presso il Gazometro Ostiense, <strong>Roma<\/strong>. Questo evento, organizzato dal Lab AIIS del CINI in collaborazione con Maker Faire e Fondazione FAIR, \u00e8 un\u2019importante occasione di incontro tra esperti, maker, innovatori e ricercatori per condividere le loro idee e progetti con il pubblico.<\/p>\n<p>Il Laboratorio presenter\u00e0 un&#8217;iniziativa rivolta a piccole e medie realt\u00e0 industriali specializzate in Intelligenza Artificiale, offrendo spazi espositivi per dare visibilit\u00e0 a soluzioni innovative e progetti tecnologici avanzati.<\/p>\n<p>In aggiunta, il <em>Lab CINI-AIIS<\/em> ha organizzato un incontro dal titolo <em>&#8220;Intelligenza Artificiale e l&#8217;impatto sulle aziende&#8221;<\/em>\u00a0 il 25 ottobre 2024, presso la stessa location.<\/p>\n<p>Per maggiori informazioni sull&#8217;evento e sul programma <a href=\"https:\/\/www.consorzio-cini.it\/index.php\/it\/laboratori-nazionali\/artificial-intelligence-and-intelligent-systems\/200-italiano\/laboratori\/lab-aiis\/notizie-in-evidenza-lab-aiis\/2137-lab-cini-aiis-maker-faire-2024\" target=\"_blank\" rel=\"noopener\"><strong>vai al link<\/strong><\/a>.\u00a0<\/p>\n","protected":false},"author":2,"featured_media":2763,"menu_order":0,"comment_status":"open","ping_status":"closed","template":"","meta":[],"tags":[68,45,57,73,85,42,89,74],"event_type":[23],"event_type_2":[],"class_list":["post-2757","ajde_events","type-ajde_events","status-publish","has-post-thumbnail","hentry","tag-ai","tag-artificial-intelligence","tag-evento","tag-fair","tag-ia","tag-intelligenza-artificiale-2","tag-ricerca","tag-ricercatori-fair","event_type-spoke-10"],"_links":{"self":[{"href":"https:\/\/fondazione-fair.it\/en\/wp-json\/wp\/v2\/ajde_events\/2757","targetHints":{"allow":["GET"]}}],"collection":[{"href":"https:\/\/fondazione-fair.it\/en\/wp-json\/wp\/v2\/ajde_events"}],"about":[{"href":"https:\/\/fondazione-fair.it\/en\/wp-json\/wp\/v2\/types\/ajde_events"}],"author":[{"embeddable":true,"href":"https:\/\/fondazione-fair.it\/en\/wp-json\/wp\/v2\/users\/2"}],"replies":[{"embeddable":true,"href":"https:\/\/fondazione-fair.it\/en\/wp-json\/wp\/v2\/comments?post=2757"}],"wp:featuredmedia":[{"embeddable":true,"href":"https:\/\/fondazione-fair.it\/en\/wp-json\/wp\/v2\/media\/2763"}],"wp:attachment":[{"href":"https:\/\/fondazione-fair.it\/en\/wp-json\/wp\/v2\/media?parent=2757"}],"wp:term":[{"taxonomy":"post_tag","embeddable":true,"href":"https:\/\/fondazione-fair.it\/en\/wp-json\/wp\/v2\/tags?post=2757"},{"taxonomy":"event_type","embeddable":true,"href":"https:\/\/fondazione-fair.it\/en\/wp-json\/wp\/v2\/event_type?post=2757"},{"taxonomy":"event_type_2","embeddable":true,"href":"https:\/\/fondazione-fair.it\/en\/wp-json\/wp\/v2\/event_type_2?post=2757"}],"curies":[{"name":"wp","href":"https:\/\/api.w.org\/{rel}","templated":true}]}}

<p>Il <em>Lab CINI-AIIS</em> parteciperà anche quest&#8217;anno alla <em>Maker Faire Rome</em>, che si terrà dal<strong> 25 al 27 ottobre 2024</strong> presso il Gazometro Ostiense, <strong>Roma</strong>. Questo evento, organizzato dal Lab AIIS del CINI in collaborazione con Maker Faire e Fondazione FAIR, è un’importante occasione di incontro tra esperti, maker, innovatori e ricercatori per condividere le loro idee e progetti con il pubblico.</p>
<p>Il Laboratorio presenterà un&#8217;iniziativa rivolta a piccole e medie realtà industriali specializzate in Intelligenza Artificiale, offrendo spazi espositivi per dare visibilità a soluzioni innovative e progetti tecnologici avanzati.</p>
<p>In aggiunta, il <em>Lab CINI-AIIS</em> ha organizzato un incontro dal titolo <em>&#8220;Intelligenza Artificiale e l&#8217;impatto sulle aziende&#8221;</em>  il 25 ottobre 2024, presso la stessa location.</p>
<p>Per maggiori informazioni sull&#8217;evento e sul programma <a href="https://www.consorzio-cini.it/index.php/it/laboratori-nazionali/artificial-intelligence-and-intelligent-systems/200-italiano/laboratori/lab-aiis/notizie-in-evidenza-lab-aiis/2137-lab-cini-aiis-maker-faire-2024" target="_blank" rel="noopener"><strong>vai al link</strong></a>. </p>
