{"id":2748,"date":"2024-10-16T14:51:41","date_gmt":"2024-10-16T12:51:41","guid":{"rendered":"https:\/\/fondazione-fair.it\/evento\/xv-forum-borsa-della-ricerca\/"},"modified":"2024-10-20T08:25:31","modified_gmt":"2024-10-20T06:25:31","slug":"xv-forum-borsa-della-ricerca","status":"publish","type":"ajde_events","link":"https:\/\/fondazione-fair.it\/en\/evento\/xv-forum-borsa-della-ricerca\/","title":{"rendered":"XV Forum \u2013 Borsa della Ricerca"},"content":{"rendered":"<p>Dal <strong>21 al 23 ottobre<\/strong> torna a <strong>Catania<\/strong> il <strong>XV Forum \u2013 Borsa della Ricerca<\/strong>, organizzato da Fondazione Emblema e Universit\u00e0 di Catania. L\u2019evento rappresenta un importante punto di incontro tra i protagonisti dei progetti finanziati dal Piano Nazionale di Ripresa e Resilienza (PNRR) e alcune delle principali realt\u00e0 aziendali italiane.<\/p>\n<p>Il Forum \u00e8 l\u2019<strong>appuntamento annuale della Borsa della Ricerca<\/strong>, coinvolgendo aziende, investitori, universit\u00e0, spin-off, start-up e centri di ricerca. Ogni progetto PNRR avr\u00e0 uno spazio dedicato per incontri one-to-one con R&amp;D manager delle imprese presenti, oltre alla possibilit\u00e0 di partecipare a workshop per presentare le proprie attivit\u00e0.<\/p>\n<p>FAIR partecipa per il secondo anno consecutivo a questa iniziativa.<\/p>\n<p>La giornata del <strong>21 ottobre<\/strong> si apre con i saluti istituzionali e un panel dal titolo <em>&#8220;L\u2019impatto del PNRR tra aspettative e realt\u00e0&#8221;<\/em>, con interventi di rappresentanti dei Ministeri, Invitalia, istituzioni siciliane e Confindustria.<\/p>\n<p>Il <strong>22 ottobre<\/strong>, FAIR incontrer\u00e0 10 aziende leader nel settore dell\u2019intelligenza artificiale, con appuntamenti one-to-one dalle 10 alle 17. A seguire, alle 17:00, si terr\u00e0 un workshop dedicato al progetto FAIR, con interventi di <em><strong>Marta Rapallini<\/strong> <\/em>(Program Manager FAIR), <em><strong>Concetto Spampinato<\/strong><\/em> (Spoke 10), Mara Sangiovanni (Universit\u00e0 di Napoli), e Daniela Giordano e Paolo Arena (Universit\u00e0 di Catania).<\/p>\n<p>Il <strong>23 ottobre<\/strong> si chiuder\u00e0 con i <em>&#8220;<\/em><strong>PNRR Talks<\/strong><em>&#8220;<\/em>, dove <em><strong>Marta Rapallini<\/strong><\/em> moderer\u00e0 la sessione <em>&#8220;Valorizzazione del ruolo dei dottori di ricerca e dei ricercatori&#8221;<\/em>.<\/p>\n<p>Un evento chiave per promuovere la <strong>collaborazione tra ricerca e impresa<\/strong> e valorizzare le opportunit\u00e0 offerte dal PNRR.<\/p>\n<p>Per saperne di pi\u00f9 sull&#8217;evento <a href=\"https:\/\/www.borsadellaricerca.it\/calendario\/21-10-2024\/xv-forum-catania\/\" target=\"_blank\" rel=\"noopener\"><strong>vai al sito<\/strong>,<\/a> e per visionare <a href=\"https:\/\/webmail.iit.cnr.it\/?_task=mail&amp;_frame=1&amp;_mbox=INBOX&amp;_uid=164&amp;_part=2.8&amp;_action=get&amp;_extwin=1\" target=\"_blank\" rel=\"noopener\"><strong>il programma clicca qui<\/strong><\/a>.\u00a0<\/p>\n","protected":false},"author":2,"featured_media":2755,"menu_order":0,"comment_status":"open","ping_status":"closed","template":"","meta":[],"tags":[68,45,57,73,85,42,89,74],"event_type":[23],"event_type_2":[],"class_list":["post-2748","ajde_events","type-ajde_events","status-publish","has-post-thumbnail","hentry","tag-ai","tag-artificial-intelligence","tag-evento","tag-fair","tag-ia","tag-intelligenza-artificiale-2","tag-ricerca","tag-ricercatori-fair","event_type-spoke-10"],"_links":{"self":[{"href":"https:\/\/fondazione-fair.it\/en\/wp-json\/wp\/v2\/ajde_events\/2748","targetHints":{"allow":["GET"]}}],"collection":[{"href":"https:\/\/fondazione-fair.it\/en\/wp-json\/wp\/v2\/ajde_events"}],"about":[{"href":"https:\/\/fondazione-fair.it\/en\/wp-json\/wp\/v2\/types\/ajde_events"}],"author":[{"embeddable":true,"href":"https:\/\/fondazione-fair.it\/en\/wp-json\/wp\/v2\/users\/2"}],"replies":[{"embeddable":true,"href":"https:\/\/fondazione-fair.it\/en\/wp-json\/wp\/v2\/comments?post=2748"}],"wp:featuredmedia":[{"embeddable":true,"href":"https:\/\/fondazione-fair.it\/en\/wp-json\/wp\/v2\/media\/2755"}],"wp:attachment":[{"href":"https:\/\/fondazione-fair.it\/en\/wp-json\/wp\/v2\/media?parent=2748"}],"wp:term":[{"taxonomy":"post_tag","embeddable":true,"href":"https:\/\/fondazione-fair.it\/en\/wp-json\/wp\/v2\/tags?post=2748"},{"taxonomy":"event_type","embeddable":true,"href":"https:\/\/fondazione-fair.it\/en\/wp-json\/wp\/v2\/event_type?post=2748"},{"taxonomy":"event_type_2","embeddable":true,"href":"https:\/\/fondazione-fair.it\/en\/wp-json\/wp\/v2\/event_type_2?post=2748"}],"curies":[{"name":"wp","href":"https:\/\/api.w.org\/{rel}","templated":true}]}}

<p>Dal <strong>21 al 23 ottobre</strong> torna a <strong>Catania</strong> il <strong>XV Forum – Borsa della Ricerca</strong>, organizzato da Fondazione Emblema e Università di Catania. L’evento rappresenta un importante punto di incontro tra i protagonisti dei progetti finanziati dal Piano Nazionale di Ripresa e Resilienza (PNRR) e alcune delle principali realtà aziendali italiane.</p>
<p>Il Forum è l’<strong>appuntamento annuale della Borsa della Ricerca</strong>, coinvolgendo aziende, investitori, università, spin-off, start-up e centri di ricerca. Ogni progetto PNRR avrà uno spazio dedicato per incontri one-to-one con R&amp;D manager delle imprese presenti, oltre alla possibilità di partecipare a workshop per presentare le proprie attività.</p>
<p>FAIR partecipa per il secondo anno consecutivo a questa iniziativa.</p>
<p>La giornata del <strong>21 ottobre</strong> si apre con i saluti istituzionali e un panel dal titolo <em>&#8220;L’impatto del PNRR tra aspettative e realtà&#8221;</em>, con interventi di rappresentanti dei Ministeri, Invitalia, istituzioni siciliane e Confindustria.</p>
<p>Il <strong>22 ottobre</strong>, FAIR incontrerà 10 aziende leader nel settore dell’intelligenza artificiale, con appuntamenti one-to-one dalle 10 alle 17. A seguire, alle 17:00, si terrà un workshop dedicato al progetto FAIR, con interventi di <em><strong>Marta Rapallini</strong> </em>(Program Manager FAIR), <em><strong>Concetto Spampinato</strong></em> (Spoke 10), Mara Sangiovanni (Università di Napoli), e Daniela Giordano e Paolo Arena (Università di Catania).</p>
<p>Il <strong>23 ottobre</strong> si chiuderà con i <em>&#8220;</em><strong>PNRR Talks</strong><em>&#8220;</em>, dove <em><strong>Marta Rapallini</strong></em> modererà la sessione <em>&#8220;Valorizzazione del ruolo dei dottori di ricerca e dei ricercatori&#8221;</em>.</p>
<p>Un evento chiave per promuovere la <strong>collaborazione tra ricerca e impresa</strong> e valorizzare le opportunità offerte dal PNRR.</p>
<p>Per saperne di più sull&#8217;evento <a href="https://www.borsadellaricerca.it/calendario/21-10-2024/xv-forum-catania/" target="_blank" rel="noopener"><strong>vai al sito</strong>,</a> e per visionare <a href="https://webmail.iit.cnr.it/?_task=mail&amp;_frame=1&amp;_mbox=INBOX&amp;_uid=164&amp;_part=2.8&amp;_action=get&amp;_extwin=1" target="_blank" rel="noopener"><strong>il programma clicca qui</strong></a>. </p>
