{"id":2733,"date":"2024-10-14T14:49:41","date_gmt":"2024-10-14T12:49:41","guid":{"rendered":"https:\/\/fondazione-fair.it\/evento\/seminario-intelligenze-dal-vivente-al-digitale\/"},"modified":"2024-12-04T16:23:00","modified_gmt":"2024-12-04T15:23:00","slug":"seminario-intelligenze-dal-vivente-al-digitale","status":"publish","type":"ajde_events","link":"https:\/\/fondazione-fair.it\/en\/evento\/seminario-intelligenze-dal-vivente-al-digitale\/","title":{"rendered":"Seminario: Intelligenze? Dal vivente al digitale"},"content":{"rendered":"<p>Al giorno d\u2019oggi si parla sempre pi\u00f9 di \u201c<strong>intelligenze<\/strong>\u201d, al plurale. Non solo nel senso esplorato da <em>Howard<\/em> <em>Gardner<\/em>, secondo cui ciascuno di noi \u00e8 dotato di intelligenze multiple \u2013 <strong>logica<\/strong>, <strong>relazionale<\/strong>, <strong>cinetica<\/strong>, <strong>musicale<\/strong>, etc. \u2013 ma anche considerando che quella umana rappresenterebbe solo \u201cuna\u201d forma di intelligenza tra altre. Siamo circondati da entit\u00e0 viventi capaci di compiere compiti complessi senza avere un cervello come il nostro, o da algoritmi che risolvono problemi seguendo procedure profondamente diverse da quelle umane.<\/p>\n<p>Queste intelligenze \u201cdiverse\u201d, biologiche e digitali, sollevano domande fondamentali per la filosofia. Che cos\u2019\u00e8, in generale, l\u2019intelligenza? \u00c8 una peculiarit\u00e0 della vita o qualcosa che pu\u00f2 emergere dalle nostre capacit\u00e0 di astrazione, formalizzazione e calcolo? E infine, pu\u00f2 l\u2019intelligenza raggiungere un\u2019autonomia tale da sfuggire al nostro controllo?<\/p>\n<p>Il Workshop &#8220;Intelligenze? Dal vivente al digitale&#8221;, che si terr\u00e0 il <strong>16<\/strong> <strong>dicembre<\/strong> <strong>2024<\/strong> presso l&#8217;<strong>Universit\u00e0 degli Studi di Bari<\/strong>, intende affrontare il problema dell\u2019intelligenza da questa doppia prospettiva. L\u2019evento vedr\u00e0 la partecipazione di <em>Stefania Achella<\/em> (Universit\u00e0 \u201cG. d\u2019Annunzio\u201d di Chieti-Pescara) e <em>Fiorella Battaglia<\/em> (Universit\u00e0 del Salento) come relatrici. I lavori saranno introdotti da <em>Costantino Esposito<\/em> e <em>Francesca Romana<\/em> <em>Recchia Luciani<\/em> (Universit\u00e0 di Bari) e vedranno come discussant <em>Antonio Carnevale<\/em> e <em>Antonio Lombardi<\/em> (Universit\u00e0 di Bari).<\/p>\n<p>Il Workshop \u00e8 organizzato in collaborazione con FAIR (Future Artificial Intelligence Research \u2013 WP 6.5) e il <em>progetto ERC Seeds LEAF<\/em> (Linking Evolution, AI and Freedom).<\/p>\n","protected":false},"author":2,"featured_media":2985,"menu_order":0,"comment_status":"open","ping_status":"closed","template":"","meta":[],"tags":[68,45,57,73,87,85,42],"event_type":[19],"event_type_2":[],"class_list":["post-2733","ajde_events","type-ajde_events","status-publish","has-post-thumbnail","hentry","tag-ai","tag-artificial-intelligence","tag-evento","tag-fair","tag-formazione","tag-ia","tag-intelligenza-artificiale-2","event_type-spoke-6"],"_links":{"self":[{"href":"https:\/\/fondazione-fair.it\/en\/wp-json\/wp\/v2\/ajde_events\/2733","targetHints":{"allow":["GET"]}}],"collection":[{"href":"https:\/\/fondazione-fair.it\/en\/wp-json\/wp\/v2\/ajde_events"}],"about":[{"href":"https:\/\/fondazione-fair.it\/en\/wp-json\/wp\/v2\/types\/ajde_events"}],"author":[{"embeddable":true,"href":"https:\/\/fondazione-fair.it\/en\/wp-json\/wp\/v2\/users\/2"}],"replies":[{"embeddable":true,"href":"https:\/\/fondazione-fair.it\/en\/wp-json\/wp\/v2\/comments?post=2733"}],"wp:featuredmedia":[{"embeddable":true,"href":"https:\/\/fondazione-fair.it\/en\/wp-json\/wp\/v2\/media\/2985"}],"wp:attachment":[{"href":"https:\/\/fondazione-fair.it\/en\/wp-json\/wp\/v2\/media?parent=2733"}],"wp:term":[{"taxonomy":"post_tag","embeddable":true,"href":"https:\/\/fondazione-fair.it\/en\/wp-json\/wp\/v2\/tags?post=2733"},{"taxonomy":"event_type","embeddable":true,"href":"https:\/\/fondazione-fair.it\/en\/wp-json\/wp\/v2\/event_type?post=2733"},{"taxonomy":"event_type_2","embeddable":true,"href":"https:\/\/fondazione-fair.it\/en\/wp-json\/wp\/v2\/event_type_2?post=2733"}],"curies":[{"name":"wp","href":"https:\/\/api.w.org\/{rel}","templated":true}]}}

<p>Al giorno d’oggi si parla sempre più di “<strong>intelligenze</strong>”, al plurale. Non solo nel senso esplorato da <em>Howard</em> <em>Gardner</em>, secondo cui ciascuno di noi è dotato di intelligenze multiple – <strong>logica</strong>, <strong>relazionale</strong>, <strong>cinetica</strong>, <strong>musicale</strong>, etc. – ma anche considerando che quella umana rappresenterebbe solo “una” forma di intelligenza tra altre. Siamo circondati da entità viventi capaci di compiere compiti complessi senza avere un cervello come il nostro, o da algoritmi che risolvono problemi seguendo procedure profondamente diverse da quelle umane.</p>
<p>Queste intelligenze “diverse”, biologiche e digitali, sollevano domande fondamentali per la filosofia. Che cos’è, in generale, l’intelligenza? È una peculiarità della vita o qualcosa che può emergere dalle nostre capacità di astrazione, formalizzazione e calcolo? E infine, può l’intelligenza raggiungere un’autonomia tale da sfuggire al nostro controllo?</p>
<p>Il Workshop &#8220;Intelligenze? Dal vivente al digitale&#8221;, che si terrà il <strong>16</strong> <strong>dicembre</strong> <strong>2024</strong> presso l&#8217;<strong>Università degli Studi di Bari</strong>, intende affrontare il problema dell’intelligenza da questa doppia prospettiva. L’evento vedrà la partecipazione di <em>Stefania Achella</em> (Università “G. d’Annunzio” di Chieti-Pescara) e <em>Fiorella Battaglia</em> (Università del Salento) come relatrici. I lavori saranno introdotti da <em>Costantino Esposito</em> e <em>Francesca Romana</em> <em>Recchia Luciani</em> (Università di Bari) e vedranno come discussant <em>Antonio Carnevale</em> e <em>Antonio Lombardi</em> (Università di Bari).</p>
<p>Il Workshop è organizzato in collaborazione con FAIR (Future Artificial Intelligence Research – WP 6.5) e il <em>progetto ERC Seeds LEAF</em> (Linking Evolution, AI and Freedom).</p>
