{"id":2408,"date":"2024-09-09T11:27:08","date_gmt":"2024-09-09T09:27:08","guid":{"rendered":"https:\/\/fondazione-fair.it\/evento\/1st-international-workshop-on-adjustable-autonomy-and-physical-embodied-intelligence-aapei2024\/"},"modified":"2024-09-09T15:46:45","modified_gmt":"2024-09-09T13:46:45","slug":"1st-international-workshop-on-adjustable-autonomy-and-physical-embodied-intelligence-aapei2024","status":"publish","type":"ajde_events","link":"https:\/\/fondazione-fair.it\/en\/evento\/1st-international-workshop-on-adjustable-autonomy-and-physical-embodied-intelligence-aapei2024\/","title":{"rendered":"1st International Workshop on \u201cAdjustable Autonomy and Physical Embodied Intelligence\u201d (AAPEI2024)"},"content":{"rendered":"<p><span>Il <strong>Workshop <\/strong>&#8211;\u00a0promosso in collaborazione con FAIR &#8211; \u00e8 parte della <span style=\"text-decoration: underline;\">27th European Conference on Artificial Intelligence (ECAI)<\/span> e si terr\u00e0 il <strong>20 ottobre<\/strong> a <strong>Santiago De Compostela<\/strong> coordinato da <em>Fabio Patrizi<\/em> (Sapienza Universit\u00e0 di Roma).<\/p>\n<p>Regolare l&#8217;<strong>autonomia dei sistemi di IA<\/strong> \u00e8 una sfida cruciale, soprattutto in contesti in cui i sistemi sono immersi nella societ\u00e0 umana e interagiscono con essa. In questi casi, i sistemi devono avere la capacit\u00e0 di operare e apprendere in modo autonomo, pur comprendendo quando le loro decisioni non sono sicure, discutibili o non etiche, e quindi \u00e8 necessaria la supervisione umana. Poich\u00e9 sono sempre pi\u00f9 frequenti le situazioni in cui i sistemi che esibiscono un alto grado di autonomia sono incorporati in dispositivi fisici, come i robot, questa forma di autonomia regolabile deve anche tenere conto delle specificit\u00e0 dei dispositivi in cui i sistemi sono fisicamente incarnati. Per unificare queste due prospettive, \u00e8 necessario sviluppare basi scientifiche, tecniche e strumenti per l&#8217;autonomia regolabile, in modo da dotare i sistemi di intelligenza artificiale software e\/o fisici delle capacit\u00e0 necessarie per operare e apprendere in ambienti umani, pur essendo pienamente integrati nell&#8217;ambiente e degni di fiducia. <\/span><\/p>\n<p><span>L&#8217;<strong>obiettivo<\/strong> del workshop \u00e8 quello di creare un forum per i ricercatori interessati a studiare tutti gli aspetti della combinazione di autonomia regolabile e intelligenza fisica incarnata, per discutere apertamente le questioni rilevanti, i progressi della ricerca e dello sviluppo, le direzioni future e le sfide aperte. <\/p>\n<p>Per maggiori informazioni sull&#8217;evento vai al <a href=\"https:\/\/sites.google.com\/diag.uniroma1.it\/aapei24\/\" target=\"_blank\" rel=\"noopener\">sito<\/a>.<\/span><\/p>\n","protected":false},"author":2,"featured_media":1668,"menu_order":0,"comment_status":"open","ping_status":"closed","template":"","meta":[],"tags":[68,45,57,73,42,75,62],"event_type":[18],"event_type_2":[],"class_list":["post-2408","ajde_events","type-ajde_events","status-publish","has-post-thumbnail","hentry","tag-ai","tag-artificial-intelligence","tag-evento","tag-fair","tag-intelligenza-artificiale-2","tag-machine-learning","tag-workshop","event_type-spoke-5"],"_links":{"self":[{"href":"https:\/\/fondazione-fair.it\/en\/wp-json\/wp\/v2\/ajde_events\/2408","targetHints":{"allow":["GET"]}}],"collection":[{"href":"https:\/\/fondazione-fair.it\/en\/wp-json\/wp\/v2\/ajde_events"}],"about":[{"href":"https:\/\/fondazione-fair.it\/en\/wp-json\/wp\/v2\/types\/ajde_events"}],"author":[{"embeddable":true,"href":"https:\/\/fondazione-fair.it\/en\/wp-json\/wp\/v2\/users\/2"}],"replies":[{"embeddable":true,"href":"https:\/\/fondazione-fair.it\/en\/wp-json\/wp\/v2\/comments?post=2408"}],"wp:featuredmedia":[{"embeddable":true,"href":"https:\/\/fondazione-fair.it\/en\/wp-json\/wp\/v2\/media\/1668"}],"wp:attachment":[{"href":"https:\/\/fondazione-fair.it\/en\/wp-json\/wp\/v2\/media?parent=2408"}],"wp:term":[{"taxonomy":"post_tag","embeddable":true,"href":"https:\/\/fondazione-fair.it\/en\/wp-json\/wp\/v2\/tags?post=2408"},{"taxonomy":"event_type","embeddable":true,"href":"https:\/\/fondazione-fair.it\/en\/wp-json\/wp\/v2\/event_type?post=2408"},{"taxonomy":"event_type_2","embeddable":true,"href":"https:\/\/fondazione-fair.it\/en\/wp-json\/wp\/v2\/event_type_2?post=2408"}],"curies":[{"name":"wp","href":"https:\/\/api.w.org\/{rel}","templated":true}]}}

<p><span>Il <strong>Workshop </strong>&#8211; promosso in collaborazione con FAIR &#8211; è parte della <span style="text-decoration: underline;">27th European Conference on Artificial Intelligence (ECAI)</span> e si terrà il <strong>20 ottobre</strong> a <strong>Santiago De Compostela</strong> coordinato da <em>Fabio Patrizi</em> (Sapienza Università di Roma).</p>
<p>Regolare l&#8217;<strong>autonomia dei sistemi di IA</strong> è una sfida cruciale, soprattutto in contesti in cui i sistemi sono immersi nella società umana e interagiscono con essa. In questi casi, i sistemi devono avere la capacità di operare e apprendere in modo autonomo, pur comprendendo quando le loro decisioni non sono sicure, discutibili o non etiche, e quindi è necessaria la supervisione umana. Poiché sono sempre più frequenti le situazioni in cui i sistemi che esibiscono un alto grado di autonomia sono incorporati in dispositivi fisici, come i robot, questa forma di autonomia regolabile deve anche tenere conto delle specificità dei dispositivi in cui i sistemi sono fisicamente incarnati. Per unificare queste due prospettive, è necessario sviluppare basi scientifiche, tecniche e strumenti per l&#8217;autonomia regolabile, in modo da dotare i sistemi di intelligenza artificiale software e/o fisici delle capacità necessarie per operare e apprendere in ambienti umani, pur essendo pienamente integrati nell&#8217;ambiente e degni di fiducia. </span></p>
<p><span>L&#8217;<strong>obiettivo</strong> del workshop è quello di creare un forum per i ricercatori interessati a studiare tutti gli aspetti della combinazione di autonomia regolabile e intelligenza fisica incarnata, per discutere apertamente le questioni rilevanti, i progressi della ricerca e dello sviluppo, le direzioni future e le sfide aperte. </p>
<p>Per maggiori informazioni sull&#8217;evento vai al <a href="https://sites.google.com/diag.uniroma1.it/aapei24/" target="_blank" rel="noopener">sito</a>.</span></p>
