{"id":2119,"date":"2024-06-27T18:06:04","date_gmt":"2024-06-27T16:06:04","guid":{"rendered":"https:\/\/fondazione-fair.it\/evento\/workshop-mbc2-2024-models-and-learning-in-clustering-and-classification-mbc2\/"},"modified":"2024-06-27T20:10:04","modified_gmt":"2024-06-27T18:10:04","slug":"workshop-mbc2-2024-models-and-learning-in-clustering-and-classification-mbc2","status":"publish","type":"ajde_events","link":"https:\/\/fondazione-fair.it\/en\/evento\/workshop-mbc2-2024-models-and-learning-in-clustering-and-classification-mbc2\/","title":{"rendered":"Workshop MBC2 2024 \u201cModels and Learning in Clustering and Classification (MBC2)\u201d"},"content":{"rendered":"<p>La settima edizione del <strong>workshop MBC2<\/strong> (Models and Learning in Clustering and Classification) si terr\u00e0 a Catania (Italia) dal 28 al 30 agosto 2024 coordinato da Salvatore Ingrassia &#8211; Professore all&#8217; Universit\u00e0 di Catania e coordinatore dello Spoke 10 di FAIR &#8211; e con il supporto dalla Societ\u00e0 Italiana di Statistica e del Classification and Data Analysis Group (CLADAG) e in collaborazione con FAIR.\u00a0<\/p>\n<p>Il workshop si concentra sullo <strong>stato dell&#8217;arte della ricerca<\/strong> nel campo dei <strong>modelli statistici<\/strong> e delle <strong>tecniche di apprendimento<\/strong> in diverse aree del <strong>clustering<\/strong> e della <strong>classificazione<\/strong>. Il 28 agosto 2024 \u00e8 previsto anche un tutorial su Approcci di apprendimento contrastivo per la classificazione dei dati: metodi, applicazioni e software.<\/p>\n<p>Per maggiori informazioni <a href=\"http:\/\/mbc2.unict.it\/\" target=\"_blank\" rel=\"noopener\"><strong>visitate<\/strong> <strong>il sito<\/strong><\/a>.\u00a0<\/p>\n<p>&nbsp;<\/p>\n","protected":false},"author":2,"featured_media":1668,"menu_order":0,"comment_status":"open","ping_status":"closed","template":"","meta":[],"tags":[45,63,57,42,64,62],"event_type":[23],"event_type_2":[],"class_list":["post-2119","ajde_events","type-ajde_events","status-publish","has-post-thumbnail","hentry","tag-artificial-intelligence","tag-clustering","tag-evento","tag-intelligenza-artificiale-2","tag-mbc2","tag-workshop","event_type-spoke-10"],"_links":{"self":[{"href":"https:\/\/fondazione-fair.it\/en\/wp-json\/wp\/v2\/ajde_events\/2119","targetHints":{"allow":["GET"]}}],"collection":[{"href":"https:\/\/fondazione-fair.it\/en\/wp-json\/wp\/v2\/ajde_events"}],"about":[{"href":"https:\/\/fondazione-fair.it\/en\/wp-json\/wp\/v2\/types\/ajde_events"}],"author":[{"embeddable":true,"href":"https:\/\/fondazione-fair.it\/en\/wp-json\/wp\/v2\/users\/2"}],"replies":[{"embeddable":true,"href":"https:\/\/fondazione-fair.it\/en\/wp-json\/wp\/v2\/comments?post=2119"}],"wp:featuredmedia":[{"embeddable":true,"href":"https:\/\/fondazione-fair.it\/en\/wp-json\/wp\/v2\/media\/1668"}],"wp:attachment":[{"href":"https:\/\/fondazione-fair.it\/en\/wp-json\/wp\/v2\/media?parent=2119"}],"wp:term":[{"taxonomy":"post_tag","embeddable":true,"href":"https:\/\/fondazione-fair.it\/en\/wp-json\/wp\/v2\/tags?post=2119"},{"taxonomy":"event_type","embeddable":true,"href":"https:\/\/fondazione-fair.it\/en\/wp-json\/wp\/v2\/event_type?post=2119"},{"taxonomy":"event_type_2","embeddable":true,"href":"https:\/\/fondazione-fair.it\/en\/wp-json\/wp\/v2\/event_type_2?post=2119"}],"curies":[{"name":"wp","href":"https:\/\/api.w.org\/{rel}","templated":true}]}}

<p>La settima edizione del <strong>workshop MBC2</strong> (Models and Learning in Clustering and Classification) si terrà a Catania (Italia) dal 28 al 30 agosto 2024 coordinato da Salvatore Ingrassia &#8211; Professore all&#8217; Università di Catania e coordinatore dello Spoke 10 di FAIR &#8211; e con il supporto dalla Società Italiana di Statistica e del Classification and Data Analysis Group (CLADAG) e in collaborazione con FAIR. </p>
<p>Il workshop si concentra sullo <strong>stato dell&#8217;arte della ricerca</strong> nel campo dei <strong>modelli statistici</strong> e delle <strong>tecniche di apprendimento</strong> in diverse aree del <strong>clustering</strong> e della <strong>classificazione</strong>. Il 28 agosto 2024 è previsto anche un tutorial su Approcci di apprendimento contrastivo per la classificazione dei dati: metodi, applicazioni e software.</p>
<p>Per maggiori informazioni <a href="http://mbc2.unict.it/" target="_blank" rel="noopener"><strong>visitate</strong> <strong>il sito</strong></a>. </p>
<p>&nbsp;</p>
