{"id":1947,"date":"2024-05-20T12:13:10","date_gmt":"2024-05-20T10:13:10","guid":{"rendered":"https:\/\/fondazione-fair.it\/?post_type=ajde_events&#038;p=1947"},"modified":"2024-05-20T12:14:32","modified_gmt":"2024-05-20T10:14:32","slug":"computer-vision-trento-symposium-2024","status":"publish","type":"ajde_events","link":"https:\/\/fondazione-fair.it\/en\/evento\/computer-vision-trento-symposium-2024\/","title":{"rendered":"Computer Vision Trento Symposium 2024"},"content":{"rendered":"<p>Il Computer Vision Trento Symposium (CVTS) \u00e8 organizzato per riunire scienziati, ricercatori, studenti, professionisti e appassionati che condividono l&#8217;interesse per la visione artificiale. Questo evento di un giorno presenter\u00e0 un keynote su invito e una serie di speech e poster.<br \/>\nCVTS si terr\u00e0 mercoled\u00ec 12 giugno 2024. Per partecipare di persona \u00e8 necessaria la registrazione gratuita.<\/p>\n<p>Per maggiori informazioni visitare <strong><a href=\"https:\/\/sites.google.com\/view\/cvts-2024\/\" target=\"_blank\" rel=\"noopener\">il sito dell&#8217;evento<\/a>.<\/strong><\/p>\n<p>Organizzato da Fondazione Bruno Kessler e Universit\u00e0 di Trento in collaborazione con <a href=\"https:\/\/aiprism.eu\" target=\"_blank\" rel=\"noopener\">AI-Prism<\/a>, <a href=\"https:\/\/ellis.eu\" target=\"_blank\" rel=\"noopener\">ELLIS &#8211; European Laboratory for Learning and Intelligent Systems<\/a>, ELIAS &#8211; European Lighthouse of AI for Sustainability e FAIR &#8211; Future Artificial Intelligence Research<\/p>\n","protected":false},"author":2,"featured_media":1948,"menu_order":0,"comment_status":"open","ping_status":"closed","template":"","meta":[],"tags":[45,44],"event_type":[15],"event_type_2":[],"class_list":["post-1947","ajde_events","type-ajde_events","status-publish","has-post-thumbnail","hentry","tag-artificial-intelligence","tag-computer-vision","event_type-spoke-2"],"_links":{"self":[{"href":"https:\/\/fondazione-fair.it\/en\/wp-json\/wp\/v2\/ajde_events\/1947","targetHints":{"allow":["GET"]}}],"collection":[{"href":"https:\/\/fondazione-fair.it\/en\/wp-json\/wp\/v2\/ajde_events"}],"about":[{"href":"https:\/\/fondazione-fair.it\/en\/wp-json\/wp\/v2\/types\/ajde_events"}],"author":[{"embeddable":true,"href":"https:\/\/fondazione-fair.it\/en\/wp-json\/wp\/v2\/users\/2"}],"replies":[{"embeddable":true,"href":"https:\/\/fondazione-fair.it\/en\/wp-json\/wp\/v2\/comments?post=1947"}],"wp:featuredmedia":[{"embeddable":true,"href":"https:\/\/fondazione-fair.it\/en\/wp-json\/wp\/v2\/media\/1948"}],"wp:attachment":[{"href":"https:\/\/fondazione-fair.it\/en\/wp-json\/wp\/v2\/media?parent=1947"}],"wp:term":[{"taxonomy":"post_tag","embeddable":true,"href":"https:\/\/fondazione-fair.it\/en\/wp-json\/wp\/v2\/tags?post=1947"},{"taxonomy":"event_type","embeddable":true,"href":"https:\/\/fondazione-fair.it\/en\/wp-json\/wp\/v2\/event_type?post=1947"},{"taxonomy":"event_type_2","embeddable":true,"href":"https:\/\/fondazione-fair.it\/en\/wp-json\/wp\/v2\/event_type_2?post=1947"}],"curies":[{"name":"wp","href":"https:\/\/api.w.org\/{rel}","templated":true}]}}

<p>Il Computer Vision Trento Symposium (CVTS) è organizzato per riunire scienziati, ricercatori, studenti, professionisti e appassionati che condividono l&#8217;interesse per la visione artificiale. Questo evento di un giorno presenterà un keynote su invito e una serie di speech e poster.<br />
CVTS si terrà mercoledì 12 giugno 2024. Per partecipare di persona è necessaria la registrazione gratuita.</p>
<p>Per maggiori informazioni visitare <strong><a href="https://sites.google.com/view/cvts-2024/" target="_blank" rel="noopener">il sito dell&#8217;evento</a>.</strong></p>
<p>Organizzato da Fondazione Bruno Kessler e Università di Trento in collaborazione con <a href="https://aiprism.eu" target="_blank" rel="noopener">AI-Prism</a>, <a href="https://ellis.eu" target="_blank" rel="noopener">ELLIS &#8211; European Laboratory for Learning and Intelligent Systems</a>, ELIAS &#8211; European Lighthouse of AI for Sustainability e FAIR &#8211; Future Artificial Intelligence Research</p>
