{"id":1594,"date":"2024-03-08T15:56:37","date_gmt":"2024-03-08T14:56:37","guid":{"rendered":"https:\/\/fondazione-fair.it\/evento\/ai-act-seminario-secondo-incontro\/"},"modified":"2024-03-08T16:01:33","modified_gmt":"2024-03-08T15:01:33","slug":"ai-act-seminario-secondo-incontro","status":"publish","type":"ajde_events","link":"https:\/\/fondazione-fair.it\/en\/evento\/ai-act-seminario-secondo-incontro\/","title":{"rendered":"Webinar su AI Act &#8211; L&#8217;approccio basato sul rischio"},"content":{"rendered":"<p>In previsione della prossima approvazione dell\u2019<strong>AI Act<\/strong>, un ciclo di incontri di taglio agile per introdurre anche i non giuristi a questa importante novit\u00e0 normativa e chiarire i principi base e la struttura del regolamento. Il ciclo di webinar \u00e8 promosso dall&#8217;<strong>Universit\u00e0 di Trento<\/strong> nell&#8217;ambito delle attivit\u00e0 del <a href=\"https:\/\/fondazione-fair.it\/transversal-projects\/tp1-legal-and-ethical-design-of-trustworthy-ai-systems\/\" target=\"_blank\" rel=\"noopener\">Transversal Project 1<\/a> di FAIR.<br \/>\n<strong><br \/>\n<a href=\"https:\/\/unitn.zoom.us\/j\/87367198064\" target=\"_blank\" rel=\"noopener\">Link Zoom per partecipare all&#8217;evento<\/a><\/strong>, passcode 235664<strong><\/p>\n<p>Incontro n. 2: L&#8217;approccio basato sul rischio<\/strong><br \/>\n<em>Relatore:<\/em> Sergio Sulmicelli, Universit\u00e0 di Trento <br \/>\n<em>Discussant:<\/em> Silvia Dad\u00e0, Universit\u00e0 di Pisa<\/p>\n<p>Il secondo incontro del ciclo di seminari AI Act 1.01 affronta il tema dell\u2019approccio basato sul rischio. Verranno quindi analizzate le diverse categorie previste dal regolamento, esaminando brevemente anche le relative discipline. Il rischio, concetto cardine del webinar, verr\u00e0 valutato anche attraverso una chiave di lettura filosofica.<\/p>\n<p><\/p>\n","protected":false},"author":2,"featured_media":1589,"menu_order":0,"comment_status":"open","ping_status":"closed","template":"","meta":[],"tags":[36,38,37],"event_type":[],"event_type_2":[],"class_list":["post-1594","ajde_events","type-ajde_events","status-publish","has-post-thumbnail","hentry","tag-ai-act","tag-intelligenza-artificiale","tag-regolamentazione-europea"],"_links":{"self":[{"href":"https:\/\/fondazione-fair.it\/en\/wp-json\/wp\/v2\/ajde_events\/1594","targetHints":{"allow":["GET"]}}],"collection":[{"href":"https:\/\/fondazione-fair.it\/en\/wp-json\/wp\/v2\/ajde_events"}],"about":[{"href":"https:\/\/fondazione-fair.it\/en\/wp-json\/wp\/v2\/types\/ajde_events"}],"author":[{"embeddable":true,"href":"https:\/\/fondazione-fair.it\/en\/wp-json\/wp\/v2\/users\/2"}],"replies":[{"embeddable":true,"href":"https:\/\/fondazione-fair.it\/en\/wp-json\/wp\/v2\/comments?post=1594"}],"wp:featuredmedia":[{"embeddable":true,"href":"https:\/\/fondazione-fair.it\/en\/wp-json\/wp\/v2\/media\/1589"}],"wp:attachment":[{"href":"https:\/\/fondazione-fair.it\/en\/wp-json\/wp\/v2\/media?parent=1594"}],"wp:term":[{"taxonomy":"post_tag","embeddable":true,"href":"https:\/\/fondazione-fair.it\/en\/wp-json\/wp\/v2\/tags?post=1594"},{"taxonomy":"event_type","embeddable":true,"href":"https:\/\/fondazione-fair.it\/en\/wp-json\/wp\/v2\/event_type?post=1594"},{"taxonomy":"event_type_2","embeddable":true,"href":"https:\/\/fondazione-fair.it\/en\/wp-json\/wp\/v2\/event_type_2?post=1594"}],"curies":[{"name":"wp","href":"https:\/\/api.w.org\/{rel}","templated":true}]}}

<p>In previsione della prossima approvazione dell’<strong>AI Act</strong>, un ciclo di incontri di taglio agile per introdurre anche i non giuristi a questa importante novità normativa e chiarire i principi base e la struttura del regolamento. Il ciclo di webinar è promosso dall&#8217;<strong>Università di Trento</strong> nell&#8217;ambito delle attività del <a href="https://fondazione-fair.it/transversal-projects/tp1-legal-and-ethical-design-of-trustworthy-ai-systems/" target="_blank" rel="noopener">Transversal Project 1</a> di FAIR.<br />
<strong><br />
<a href="https://unitn.zoom.us/j/87367198064" target="_blank" rel="noopener">Link Zoom per partecipare all&#8217;evento</a></strong>, passcode 235664<strong></p>
<p>Incontro n. 2: L&#8217;approccio basato sul rischio</strong><br />
<em>Relatore:</em> Sergio Sulmicelli, Università di Trento <br />
<em>Discussant:</em> Silvia Dadà, Università di Pisa</p>
<p>Il secondo incontro del ciclo di seminari AI Act 1.01 affronta il tema dell’approccio basato sul rischio. Verranno quindi analizzate le diverse categorie previste dal regolamento, esaminando brevemente anche le relative discipline. Il rischio, concetto cardine del webinar, verrà valutato anche attraverso una chiave di lettura filosofica.</p>
<p></p>
