{"id":1588,"date":"2024-03-08T12:25:03","date_gmt":"2024-03-08T11:25:03","guid":{"rendered":"https:\/\/fondazione-fair.it\/?post_type=ajde_events&#038;p=1588"},"modified":"2024-03-08T15:31:25","modified_gmt":"2024-03-08T14:31:25","slug":"ai-act-seminario","status":"publish","type":"ajde_events","link":"https:\/\/fondazione-fair.it\/en\/evento\/ai-act-seminario\/","title":{"rendered":"Webinar su AI Act &#8211; Ambito di applicazione e definizioni"},"content":{"rendered":"<p>In previsione della prossima approvazione dell\u2019<strong>AI Act<\/strong>, un ciclo di incontri di taglio agile per introdurre anche i non giuristi a questa importante novit\u00e0 normativa e chiarire i principi base e la struttura del regolamento. Il ciclo di webinar \u00e8 promosso dall&#8217;<strong>Universit\u00e0 di Trento<\/strong> nell&#8217;ambito delle attivit\u00e0 del <a href=\"https:\/\/fondazione-fair.it\/transversal-projects\/tp1-legal-and-ethical-design-of-trustworthy-ai-systems\/\" target=\"_blank\" rel=\"noopener\">Transversal Project 1<\/a> di FAIR.<br \/>\n<strong><br \/>\n<a href=\"https:\/\/unitn.zoom.us\/j\/87367198064\" target=\"_blank\" rel=\"noopener\">Link Zoom per partecipare all&#8217;evento<\/a><\/strong>, passcode 235664<strong><\/p>\n<p>Incontro n. 1: Ambito di applicazione e definizioni <\/strong><br \/>\n<em>Relatrice:<\/em> Marta Fasan, Universit\u00e0 di Trento <br \/>\n<em>Discussant:<\/em> Massimo Zancanaro, Universit\u00e0 di Trento <\/p>\n<p>Il ciclo di seminari AI Act 1.01 si apre affrontando il tema dell&#8217;ambito di applicazione del regolamento e delle definizioni contenute al suo interno: come si definisce un sistema di intelligenza artificiale? A che sistemi di intelligenza artificiale si applicher\u00e0 il regolamento? Come vengono regolamentati i sistemi sviluppati all\u2019estero? Il webinar si propone di chiarire questi ed altri aspetti, anche in prospettiva dialogica con la realt\u00e0 pratica dello sviluppo di sistemi di intelligenza artificiale.<\/p>\n<p><\/p>\n","protected":false},"author":2,"featured_media":1589,"menu_order":0,"comment_status":"open","ping_status":"closed","template":"","meta":[],"tags":[36,38,37],"event_type":[],"event_type_2":[],"class_list":["post-1588","ajde_events","type-ajde_events","status-publish","has-post-thumbnail","hentry","tag-ai-act","tag-intelligenza-artificiale","tag-regolamentazione-europea"],"_links":{"self":[{"href":"https:\/\/fondazione-fair.it\/en\/wp-json\/wp\/v2\/ajde_events\/1588","targetHints":{"allow":["GET"]}}],"collection":[{"href":"https:\/\/fondazione-fair.it\/en\/wp-json\/wp\/v2\/ajde_events"}],"about":[{"href":"https:\/\/fondazione-fair.it\/en\/wp-json\/wp\/v2\/types\/ajde_events"}],"author":[{"embeddable":true,"href":"https:\/\/fondazione-fair.it\/en\/wp-json\/wp\/v2\/users\/2"}],"replies":[{"embeddable":true,"href":"https:\/\/fondazione-fair.it\/en\/wp-json\/wp\/v2\/comments?post=1588"}],"wp:featuredmedia":[{"embeddable":true,"href":"https:\/\/fondazione-fair.it\/en\/wp-json\/wp\/v2\/media\/1589"}],"wp:attachment":[{"href":"https:\/\/fondazione-fair.it\/en\/wp-json\/wp\/v2\/media?parent=1588"}],"wp:term":[{"taxonomy":"post_tag","embeddable":true,"href":"https:\/\/fondazione-fair.it\/en\/wp-json\/wp\/v2\/tags?post=1588"},{"taxonomy":"event_type","embeddable":true,"href":"https:\/\/fondazione-fair.it\/en\/wp-json\/wp\/v2\/event_type?post=1588"},{"taxonomy":"event_type_2","embeddable":true,"href":"https:\/\/fondazione-fair.it\/en\/wp-json\/wp\/v2\/event_type_2?post=1588"}],"curies":[{"name":"wp","href":"https:\/\/api.w.org\/{rel}","templated":true}]}}

<p>In previsione della prossima approvazione dell’<strong>AI Act</strong>, un ciclo di incontri di taglio agile per introdurre anche i non giuristi a questa importante novità normativa e chiarire i principi base e la struttura del regolamento. Il ciclo di webinar è promosso dall&#8217;<strong>Università di Trento</strong> nell&#8217;ambito delle attività del <a href="https://fondazione-fair.it/transversal-projects/tp1-legal-and-ethical-design-of-trustworthy-ai-systems/" target="_blank" rel="noopener">Transversal Project 1</a> di FAIR.<br />
<strong><br />
<a href="https://unitn.zoom.us/j/87367198064" target="_blank" rel="noopener">Link Zoom per partecipare all&#8217;evento</a></strong>, passcode 235664<strong></p>
<p>Incontro n. 1: Ambito di applicazione e definizioni </strong><br />
<em>Relatrice:</em> Marta Fasan, Università di Trento <br />
<em>Discussant:</em> Massimo Zancanaro, Università di Trento </p>
<p>Il ciclo di seminari AI Act 1.01 si apre affrontando il tema dell&#8217;ambito di applicazione del regolamento e delle definizioni contenute al suo interno: come si definisce un sistema di intelligenza artificiale? A che sistemi di intelligenza artificiale si applicherà il regolamento? Come vengono regolamentati i sistemi sviluppati all’estero? Il webinar si propone di chiarire questi ed altri aspetti, anche in prospettiva dialogica con la realtà pratica dello sviluppo di sistemi di intelligenza artificiale.</p>
<p></p>
